CRAN Package Check Results for Package R2admb

Last updated on 2024-07-14 05:53:41 CEST.

Flavor Version Tinstall Tcheck Ttotal Status Flags
r-devel-linux-x86_64-debian-clang 0.7.16.3 4.58 61.98 66.56 NOTE
r-devel-linux-x86_64-debian-gcc 0.7.16.3 3.65 46.85 50.50 NOTE
r-devel-linux-x86_64-fedora-clang 0.7.16.3 85.50 NOTE
r-devel-linux-x86_64-fedora-gcc 0.7.16.3 98.08 NOTE
r-devel-windows-x86_64 0.7.16.3 5.00 89.00 94.00 NOTE
r-patched-linux-x86_64 0.7.16.3 4.12 58.40 62.52 NOTE
r-release-linux-x86_64 0.7.16.3 3.26 57.94 61.20 NOTE
r-release-macos-arm64 0.7.16.3 33.00 NOTE
r-release-macos-x86_64 0.7.16.3 53.00 WARN
r-release-windows-x86_64 0.7.16.3 6.00 88.00 94.00 NOTE
r-oldrel-macos-arm64 0.7.16.3 35.00 OK
r-oldrel-macos-x86_64 0.7.16.3 54.00 OK
r-oldrel-windows-x86_64 0.7.16.3 5.00 89.00 94.00 OK

Check Details

Version: 0.7.16.3
Check: Rd files
Result: NOTE checkRd: (-1) do_admb.Rd:20: Lost braces in \itemize; meant \describe ? checkRd: (-1) do_admb.Rd:21: Lost braces in \itemize; meant \describe ? checkRd: (-1) do_admb.Rd:49: Lost braces in \itemize; meant \describe ? checkRd: (-1) read_pars.Rd:30: Lost braces in \itemize; \value handles \item{}{} directly checkRd: (-1) read_pars.Rd:31: Lost braces in \itemize; \value handles \item{}{} directly checkRd: (-1) read_pars.Rd:32: Lost braces in \itemize; \value handles \item{}{} directly checkRd: (-1) read_pars.Rd:33: Lost braces in \itemize; \value handles \item{}{} directly checkRd: (-1) read_pars.Rd:34: Lost braces in \itemize; \value handles \item{}{} directly checkRd: (-1) read_pars.Rd:35: Lost braces in \itemize; \value handles \item{}{} directly checkRd: (-1) read_pars.Rd:36: Lost braces in \itemize; \value handles \item{}{} directly checkRd: (-1) read_pars.Rd:37: Lost braces in \itemize; \value handles \item{}{} directly checkRd: (-1) read_pars.Rd:38: Lost braces in \itemize; \value handles \item{}{} directly checkRd: (-1) read_pars.Rd:39: Lost braces in \itemize; \value handles \item{}{} directly Flavors: r-devel-linux-x86_64-debian-clang, r-devel-linux-x86_64-debian-gcc, r-devel-linux-x86_64-fedora-clang, r-devel-linux-x86_64-fedora-gcc, r-devel-windows-x86_64, r-patched-linux-x86_64, r-release-linux-x86_64, r-release-macos-arm64, r-release-macos-x86_64, r-release-windows-x86_64

Version: 0.7.16.3
Check: re-building of vignette outputs
Result: WARN Error(s) in re-building vignettes: ... --- re-building ‘R2admb.Rnw’ using knitr Error: processing vignette 'R2admb.Rnw' failed with diagnostics: Running 'texi2dvi' on 'R2admb.tex' failed. LaTeX errors: ! Undefined control sequence. l.121 \hldef {fitted.model} \hlkwb{<-} \hlkwd{do_admb}\hldef{(fn,data,params,} ? ! Emergency stop. ! Emergency stop. l.121 End of file on the terminal! ! ==> Fatal error occurred, no output PDF file produced! --- failed re-building ‘R2admb.Rnw’ SUMMARY: processing the following file failed: ‘R2admb.Rnw’ Error: Vignette re-building failed. Execution halted Flavor: r-release-macos-x86_64