CRAN Package Check Results for Package R2admb

Last updated on 2023-12-07 04:56:33 CET.

Flavor Version Tinstall Tcheck Ttotal Status Flags
r-devel-linux-x86_64-debian-clang 0.7.16.3 3.92 58.75 62.67 NOTE
r-devel-linux-x86_64-debian-gcc 0.7.16.3 3.44 52.79 56.23 NOTE
r-devel-linux-x86_64-fedora-clang 0.7.16.3 78.87 OK
r-devel-linux-x86_64-fedora-gcc 0.7.16.3 87.40 OK
r-devel-windows-x86_64 0.7.16.3 5.00 88.00 93.00 OK
r-patched-linux-x86_64 0.7.16.3 5.94 56.99 62.93 OK
r-release-linux-x86_64 0.7.16.3 5.16 55.89 61.05 OK
r-release-macos-arm64 0.7.16.3 35.00 OK
r-release-macos-x86_64 0.7.16.3 54.00 OK
r-release-windows-x86_64 0.7.16.3 6.00 87.00 93.00 OK
r-oldrel-macos-arm64 0.7.16.3 30.00 OK
r-oldrel-macos-x86_64 0.7.16.3 39.00 OK
r-oldrel-windows-x86_64 0.7.16.3 7.00 89.00 96.00 OK

Check Details

Version: 0.7.16.3
Check: Rd files
Result: NOTE checkRd: (-1) do_admb.Rd:20: Lost braces in \itemize; meant \describe ? checkRd: (-1) do_admb.Rd:21: Lost braces in \itemize; meant \describe ? checkRd: (-1) do_admb.Rd:49: Lost braces in \itemize; meant \describe ? checkRd: (-1) read_pars.Rd:30: Lost braces in \itemize; \value handles \item{}{} directly checkRd: (-1) read_pars.Rd:31: Lost braces in \itemize; \value handles \item{}{} directly checkRd: (-1) read_pars.Rd:32: Lost braces in \itemize; \value handles \item{}{} directly checkRd: (-1) read_pars.Rd:33: Lost braces in \itemize; \value handles \item{}{} directly checkRd: (-1) read_pars.Rd:34: Lost braces in \itemize; \value handles \item{}{} directly checkRd: (-1) read_pars.Rd:35: Lost braces in \itemize; \value handles \item{}{} directly checkRd: (-1) read_pars.Rd:36: Lost braces in \itemize; \value handles \item{}{} directly checkRd: (-1) read_pars.Rd:37: Lost braces in \itemize; \value handles \item{}{} directly checkRd: (-1) read_pars.Rd:38: Lost braces in \itemize; \value handles \item{}{} directly checkRd: (-1) read_pars.Rd:39: Lost braces in \itemize; \value handles \item{}{} directly Flavors: r-devel-linux-x86_64-debian-clang, r-devel-linux-x86_64-debian-gcc