CRAN Package Check Results for Package QuantileGH

Last updated on 2024-02-27 04:50:46 CET.

Flavor Version Tinstall Tcheck Ttotal Status Flags
r-devel-linux-x86_64-debian-clang 0.1.5 26.23 209.10 235.33 OK
r-devel-linux-x86_64-debian-gcc 0.1.5 22.35 157.89 180.24 OK
r-devel-linux-x86_64-fedora-clang 0.1.5 289.83 OK
r-devel-linux-x86_64-fedora-gcc 0.1.5 291.29 OK
r-devel-windows-x86_64 0.1.5 23.00 169.00 192.00 OK
r-patched-linux-x86_64 0.1.5 21.13 202.91 224.04 OK
r-release-linux-x86_64 0.1.5 16.86 204.09 220.95 OK
r-release-macos-arm64 0.1.5 84.00 OK
r-release-macos-x86_64 0.1.5 214.00 OK
r-release-windows-x86_64 0.1.5 29.00 212.00 241.00 OK
r-oldrel-macos-arm64 0.1.3 77.00 ERROR
r-oldrel-windows-x86_64 0.1.3 31.00 201.00 232.00 OK

Check Details

Version: 0.1.3
Check: PDF version of manual
Result: WARN LaTeX errors when creating PDF version. This typically indicates Rd problems. LaTeX errors found: ! Undefined control sequence. <argument> K_\text {max} l.2230 ...to a user-specified \eqn{K_\text{max}}{} ) ! Undefined control sequence. <argument> K_\text {max} l.2256 ...er}{integer} scalar \eqn{K_\text{max}}{} , ! Undefined control sequence. <argument> K^c+1=K_\text {max} l.2282 ...is stopped if \eqn{K^c+1=K_\text{max}}{} , Flavor: r-oldrel-macos-arm64

Version: 0.1.3
Check: PDF version of manual without index
Result: ERROR
Flavor: r-oldrel-macos-arm64