CRAN Package Check Results for Package QoLMiss

Last updated on 2023-12-10 04:56:08 CET.

Flavor Version Tinstall Tcheck Ttotal Status Flags
r-devel-linux-x86_64-debian-clang 0.1.0 11.02 94.75 105.77 OK
r-devel-linux-x86_64-debian-gcc 0.1.0 8.65 69.28 77.93 OK
r-devel-linux-x86_64-fedora-clang 0.1.0 126.78 NOTE
r-devel-linux-x86_64-fedora-gcc 0.1.0 122.42 NOTE
r-devel-windows-x86_64 0.1.0 10.00 87.00 97.00 OK
r-patched-linux-x86_64 0.1.0 11.28 90.33 101.61 OK
r-release-linux-x86_64 0.1.0 10.96 89.11 100.07 OK
r-release-macos-arm64 0.1.0 42.00 OK
r-release-macos-x86_64 0.1.0 64.00 OK
r-release-windows-x86_64 0.1.0 14.00 100.00 114.00 OK
r-oldrel-macos-arm64 0.1.0 39.00 NOTE
r-oldrel-macos-x86_64 0.1.0 68.00 NOTE
r-oldrel-windows-x86_64 0.1.0 14.00 99.00 113.00 OK

Check Details

Version: 0.1.0
Check: dependencies in R code
Result: NOTE Namespace in Imports field not imported from: ‘missMethods’ All declared Imports should be used. Flavors: r-devel-linux-x86_64-fedora-clang, r-devel-linux-x86_64-fedora-gcc, r-oldrel-macos-arm64, r-oldrel-macos-x86_64