Last updated on 2023-12-08 05:02:13 CET.
Flavor | Version | Tinstall | Tcheck | Ttotal | Status | Flags |
---|---|---|---|---|---|---|
r-devel-linux-x86_64-debian-clang | 1.2.0 | 219.52 | 111.41 | 330.93 | OK | |
r-devel-linux-x86_64-debian-gcc | 1.2.0 | 191.10 | 82.44 | 273.54 | OK | |
r-devel-linux-x86_64-fedora-clang | 1.2.0 | 415.87 | OK | |||
r-devel-linux-x86_64-fedora-gcc | 1.2.0 | 532.84 | OK | |||
r-devel-windows-x86_64 | 1.2.0 | 163.00 | 149.00 | 312.00 | NOTE | |
r-patched-linux-x86_64 | 1.2.0 | 194.21 | 107.24 | 301.45 | OK | |
r-release-linux-x86_64 | 1.2.0 | 171.64 | 103.63 | 275.27 | OK | |
r-release-macos-arm64 | 1.2.0 | 115.00 | NOTE | |||
r-release-macos-x86_64 | 1.2.0 | 320.00 | NOTE | |||
r-release-windows-x86_64 | 1.2.0 | 208.00 | 183.00 | 391.00 | NOTE | |
r-oldrel-macos-arm64 | 1.2.0 | 117.00 | NOTE | |||
r-oldrel-macos-x86_64 | 1.1.2 | 154.00 | NOTE | |||
r-oldrel-windows-x86_64 | 1.2.0 | 193.00 | 158.00 | 351.00 | NOTE |
Version: 1.2.0
Check: installed package size
Result: NOTE
installed size is 26.3Mb
sub-directories of 1Mb or more:
libs 25.7Mb
Flavors: r-devel-windows-x86_64, r-release-macos-arm64, r-release-macos-x86_64, r-release-windows-x86_64, r-oldrel-macos-arm64, r-oldrel-windows-x86_64
Version: 1.1.2
Check: installed package size
Result: NOTE
installed size is 85.8Mb
sub-directories of 1Mb or more:
libs 85.2Mb
Flavor: r-oldrel-macos-x86_64