Last updated on 2023-12-11 04:51:18 CET.
Flavor | Version | Tinstall | Tcheck | Ttotal | Status | Flags |
---|---|---|---|---|---|---|
r-devel-linux-x86_64-debian-clang | 0.2.3 | 5.85 | 54.70 | 60.55 | NOTE | |
r-devel-linux-x86_64-debian-gcc | 0.2.3 | 4.96 | 41.41 | 46.37 | NOTE | |
r-devel-linux-x86_64-fedora-clang | 0.2.3 | 78.57 | NOTE | |||
r-devel-linux-x86_64-fedora-gcc | 0.2.3 | 71.74 | NOTE | |||
r-devel-windows-x86_64 | 0.2.3 | 7.00 | 60.00 | 67.00 | NOTE | |
r-patched-linux-x86_64 | 0.2.3 | 5.84 | 52.22 | 58.06 | NOTE | |
r-release-linux-x86_64 | 0.2.3 | 5.27 | 52.72 | 57.99 | NOTE | |
r-release-macos-arm64 | 0.2.3 | 28.00 | NOTE | |||
r-release-macos-x86_64 | 0.2.3 | 38.00 | NOTE | |||
r-release-windows-x86_64 | 0.2.3 | 9.00 | 69.00 | 78.00 | NOTE | |
r-oldrel-macos-arm64 | 0.2.3 | 25.00 | NOTE | |||
r-oldrel-macos-x86_64 | 0.2.3 | 48.00 | NOTE | |||
r-oldrel-windows-x86_64 | 0.2.3 | 9.00 | 73.00 | 82.00 | NOTE |
Version: 0.2.3
Check: LazyData
Result: NOTE
'LazyData' is specified without a 'data' directory
Flavors: r-devel-linux-x86_64-debian-clang, r-devel-linux-x86_64-debian-gcc, r-devel-linux-x86_64-fedora-clang, r-devel-linux-x86_64-fedora-gcc, r-devel-windows-x86_64, r-patched-linux-x86_64, r-release-linux-x86_64, r-release-macos-arm64, r-release-macos-x86_64, r-release-windows-x86_64, r-oldrel-macos-arm64, r-oldrel-macos-x86_64, r-oldrel-windows-x86_64