CRAN Package Check Results for Package QBMS

Last updated on 2023-12-04 05:09:17 CET.

Flavor Version Tinstall Tcheck Ttotal Status Flags
r-devel-linux-x86_64-debian-clang 0.9.1 3.82 40.04 43.86 OK
r-devel-linux-x86_64-debian-gcc 0.9.1 3.40 30.69 34.09 OK
r-devel-linux-x86_64-fedora-clang 0.9.1 54.79 OK
r-devel-linux-x86_64-fedora-gcc 0.9.1 63.06 OK
r-devel-windows-x86_64 0.9.1 4.00 67.00 71.00 OK
r-patched-linux-x86_64 0.9.1 3.55 38.99 42.54 OK
r-release-linux-x86_64 0.9.1 3.55 38.99 42.54 OK
r-release-macos-arm64 0.9.1 29.00 WARN
r-release-macos-x86_64 0.9.1 56.00 WARN
r-release-windows-x86_64 0.9.1 6.00 63.00 69.00 OK
r-oldrel-macos-arm64 0.9.1 24.00 WARN
r-oldrel-macos-x86_64 0.9.1 32.00 WARN
r-oldrel-windows-x86_64 0.9.1 6.00 58.00 64.00 OK

Check Details

Version: 0.9.1
Check: dependencies in R code
Result: WARN Missing or unexported objects: ‘async::http_get’ ‘async::http_stop_for_status’ ‘async::synchronise’ ‘async::when_all’ Flavors: r-release-macos-arm64, r-release-macos-x86_64, r-oldrel-macos-arm64, r-oldrel-macos-x86_64