CRAN Package Check Results for Package QAIG

Last updated on 2023-12-09 04:51:03 CET.

Flavor Version Tinstall Tcheck Ttotal Status Flags
r-devel-linux-x86_64-debian-clang 0.1.7 3.02 34.10 37.12 NOTE
r-devel-linux-x86_64-debian-gcc 0.1.7 2.68 26.69 29.37 NOTE
r-devel-linux-x86_64-fedora-clang 0.1.7 46.66 NOTE
r-devel-linux-x86_64-fedora-gcc 0.1.7 56.36 NOTE
r-devel-windows-x86_64 0.1.7 4.00 47.00 51.00 NOTE
r-patched-linux-x86_64 0.1.7 3.24 33.95 37.19 NOTE
r-release-linux-x86_64 0.1.7 2.57 33.67 36.24 NOTE
r-release-macos-arm64 0.1.7 24.00 NOTE
r-release-macos-x86_64 0.1.7 37.00 NOTE
r-release-windows-x86_64 0.1.7 5.00 50.00 55.00 NOTE
r-oldrel-macos-arm64 0.1.7 20.00 NOTE
r-oldrel-macos-x86_64 0.1.7 23.00 NOTE
r-oldrel-windows-x86_64 0.1.7 5.00 53.00 58.00 NOTE

Check Details

Version: 0.1.7
Check: LazyData
Result: NOTE 'LazyData' is specified without a 'data' directory Flavors: r-devel-linux-x86_64-debian-clang, r-devel-linux-x86_64-debian-gcc, r-devel-linux-x86_64-fedora-clang, r-devel-linux-x86_64-fedora-gcc, r-devel-windows-x86_64, r-patched-linux-x86_64, r-release-linux-x86_64, r-release-macos-arm64, r-release-macos-x86_64, r-release-windows-x86_64, r-oldrel-macos-arm64, r-oldrel-macos-x86_64, r-oldrel-windows-x86_64