Last updated on 2023-11-30 04:53:02 CET.
Flavor | Version | Tinstall | Tcheck | Ttotal | Status | Flags |
---|---|---|---|---|---|---|
r-devel-linux-x86_64-debian-clang | 2.3.6 | 22.87 | 167.20 | 190.07 | NOTE | |
r-devel-linux-x86_64-debian-gcc | 2.3.6 | 17.44 | 123.62 | 141.06 | NOTE | |
r-devel-linux-x86_64-fedora-clang | 2.3.6 | 233.93 | NOTE | |||
r-devel-linux-x86_64-fedora-gcc | 2.3.6 | 247.85 | NOTE | |||
r-devel-windows-x86_64 | 2.3.6 | 24.00 | 220.00 | 244.00 | NOTE | |
r-patched-linux-x86_64 | 2.3.6 | 20.45 | 168.26 | 188.71 | NOTE | |
r-release-linux-x86_64 | 2.3.6 | 20.78 | 168.25 | 189.03 | NOTE | |
r-release-macos-arm64 | 2.3.6 | 101.00 | NOTE | |||
r-release-macos-x86_64 | 2.3.6 | 173.00 | NOTE | |||
r-release-windows-x86_64 | 2.3.6 | 30.00 | 241.00 | 271.00 | NOTE | |
r-oldrel-macos-arm64 | 2.3.6 | 86.00 | OK | |||
r-oldrel-macos-x86_64 | 2.3.6 | 112.00 | OK | |||
r-oldrel-windows-x86_64 | 2.3.6 | 28.00 | 249.00 | 277.00 | OK |
Version: 2.3.6
Check: Rd files
Result: NOTE
checkRd: (-1) Ch0C-plot.cpd.PwrGSD.Rd:40: Escaped LaTeX specials: \&
checkRd: (-1) Ch17-CRRtoRR.Rd:15: Lost braces; missing escapes or markup?
15 | \ldots, [t_m, t_{m+1})$ then \code{DT} will be c($t_2-t_1,t_3 -t_2,
| ^
checkRd: (-1) Ch17-CRRtoRR.Rd:16: Lost braces; missing escapes or markup?
16 | \ldots, t_{m+1} - t_m )$
| ^
Flavors: r-devel-linux-x86_64-debian-clang, r-devel-linux-x86_64-debian-gcc
Version: 2.3.6
Check: Rd files
Result: NOTE
checkRd: (-1) Ch0C-plot.cpd.PwrGSD.Rd:40: Escaped LaTeX specials: \&
Flavors: r-devel-linux-x86_64-fedora-clang, r-devel-linux-x86_64-fedora-gcc, r-devel-windows-x86_64, r-patched-linux-x86_64, r-release-linux-x86_64, r-release-macos-arm64, r-release-macos-x86_64, r-release-windows-x86_64