Last updated on 2023-11-28 04:57:29 CET.
Flavor | Version | Tinstall | Tcheck | Ttotal | Status | Flags |
---|---|---|---|---|---|---|
r-devel-linux-x86_64-debian-clang | 0.6.2 | 11.64 | 143.87 | 155.51 | OK | |
r-devel-linux-x86_64-debian-gcc | 0.6.2 | 9.90 | 116.91 | 126.81 | OK | |
r-devel-linux-x86_64-fedora-clang | 0.6.2 | 215.34 | NOTE | |||
r-devel-linux-x86_64-fedora-gcc | 0.6.2 | 214.19 | OK | |||
r-devel-windows-x86_64 | 0.6.2 | 12.00 | 139.00 | 151.00 | OK | |
r-patched-linux-x86_64 | 0.6.2 | 17.75 | 152.61 | 170.36 | OK | |
r-release-linux-x86_64 | 0.6.2 | 7.74 | 149.14 | 156.88 | OK | |
r-release-macos-arm64 | 0.6.2 | 76.00 | OK | |||
r-release-macos-x86_64 | 0.6.2 | 112.00 | OK | |||
r-release-windows-x86_64 | 0.6.2 | 16.00 | 167.00 | 183.00 | OK | |
r-oldrel-macos-arm64 | 0.6.2 | 61.00 | OK | |||
r-oldrel-macos-x86_64 | 0.6.2 | 120.00 | OK | |||
r-oldrel-windows-x86_64 | 0.6.2 | 17.00 | 167.00 | 184.00 | OK |
Version: 0.6.2
Check: Rd cross-references
Result: NOTE
Undeclared package ‘tibble’ in Rd xrefs
Flavor: r-devel-linux-x86_64-fedora-clang