CRAN Package Check Results for Package ProfoundData

Last updated on 2024-02-29 04:54:23 CET.

Flavor Version Tinstall Tcheck Ttotal Status Flags
r-devel-linux-x86_64-debian-clang 0.2.1 10.46 69.54 80.00 NOTE
r-devel-linux-x86_64-debian-gcc 0.2.1 7.36 52.23 59.59 NOTE
r-devel-linux-x86_64-fedora-clang 0.2.1 94.63 NOTE
r-devel-linux-x86_64-fedora-gcc 0.2.1 104.70 NOTE
r-devel-windows-x86_64 0.2.1 8.00 70.00 78.00 NOTE
r-patched-linux-x86_64 0.2.1 13.69 68.36 82.05 NOTE
r-release-linux-x86_64 0.2.1 7.95 66.32 74.27 NOTE
r-release-macos-arm64 0.2.1 38.00 NOTE
r-release-macos-x86_64 0.2.1 58.00 NOTE
r-release-windows-x86_64 0.2.1 11.00 82.00 93.00 NOTE
r-oldrel-macos-arm64 0.2.1 30.00 NOTE
r-oldrel-windows-x86_64 0.2.1 11.00 83.00 94.00 NOTE

Check Details

Version: 0.2.1
Check: LazyData
Result: NOTE 'LazyData' is specified without a 'data' directory Flavors: r-devel-linux-x86_64-debian-clang, r-devel-linux-x86_64-debian-gcc, r-devel-linux-x86_64-fedora-clang, r-devel-linux-x86_64-fedora-gcc, r-devel-windows-x86_64, r-patched-linux-x86_64, r-release-linux-x86_64, r-release-macos-arm64, r-release-macos-x86_64, r-release-windows-x86_64, r-oldrel-macos-arm64, r-oldrel-windows-x86_64