Last updated on 2023-12-02 04:52:24 CET.
Flavor | Version | Tinstall | Tcheck | Ttotal | Status | Flags |
---|---|---|---|---|---|---|
r-devel-linux-x86_64-debian-clang | 0.3.8 | 18.71 | 88.30 | 107.01 | NOTE | |
r-devel-linux-x86_64-debian-gcc | 0.3.8 | 14.86 | 66.10 | 80.96 | NOTE | |
r-devel-linux-x86_64-fedora-clang | 0.3.8 | 129.18 | OK | |||
r-devel-linux-x86_64-fedora-gcc | 0.3.8 | 135.15 | OK | |||
r-devel-windows-x86_64 | 0.3.8 | 15.00 | 95.00 | 110.00 | OK | |
r-patched-linux-x86_64 | 0.3.8 | 24.17 | 82.95 | 107.12 | OK | |
r-release-linux-x86_64 | 0.3.8 | 16.17 | 85.33 | 101.50 | OK | |
r-release-macos-arm64 | 0.3.8 | 36.00 | OK | |||
r-release-macos-x86_64 | 0.3.8 | 77.00 | OK | |||
r-release-windows-x86_64 | 0.3.8 | 19.00 | 110.00 | 129.00 | OK | |
r-oldrel-macos-arm64 | 0.3.8 | 39.00 | OK | |||
r-oldrel-macos-x86_64 | 0.3.8 | 54.00 | OK | |||
r-oldrel-windows-x86_64 | 0.3.8 | 29.00 | 109.00 | 138.00 | OK |
Version: 0.3.8
Check: Rd files
Result: NOTE
checkRd: (-1) read.sample.Rd:37: Lost braces; missing escapes or markup?
37 | \code{2*0xffff} = {131070} bytes (= samples) as per ProTracker standards.
| ^
Flavors: r-devel-linux-x86_64-debian-clang, r-devel-linux-x86_64-debian-gcc