CRAN Package Check Results for Package PredCRG

Last updated on 2024-07-15 05:49:10 CEST.

Flavor Version Tinstall Tcheck Ttotal Status Flags
r-devel-linux-x86_64-debian-clang 1.0.2 15.46 167.57 183.03 OK
r-devel-linux-x86_64-debian-gcc 1.0.2 14.38 122.94 137.32 OK
r-devel-linux-x86_64-fedora-clang 1.0.2 240.01 OK
r-devel-linux-x86_64-fedora-gcc 1.0.2 238.83 OK
r-devel-windows-x86_64 1.0.2 16.00 121.00 137.00 NOTE
r-patched-linux-x86_64 1.0.2 21.88 159.29 181.17 OK
r-release-linux-x86_64 1.0.2 15.85 156.62 172.47 OK
r-release-macos-arm64 1.0.2 63.00 OK
r-release-macos-x86_64 1.0.2 113.00 OK
r-release-windows-x86_64 1.0.2 16.00 125.00 141.00 OK
r-oldrel-macos-arm64 1.0.2 68.00 OK
r-oldrel-macos-x86_64 1.0.2 108.00 OK
r-oldrel-windows-x86_64 1.0.2 22.00 155.00 177.00 OK

Check Details

Version: 1.0.2
Check: Rd cross-references
Result: NOTE Found the following Rd file(s) with Rd \link{} targets missing package anchors: PredCRG.Rd: AAStringSet, readAAStringSet PredCRG_Enc.Rd: AAStringSet, readAAStringSet PredCRG_data.Rd: AAStringSet, readAAStringSet PredCRG_training.Rd: AAStringSet, readAAStringSet, ksvm Please provide package anchors for all Rd \link{} targets not in the package itself and the base packages. Flavor: r-devel-windows-x86_64