Last updated on 2023-12-10 04:56:08 CET.
Flavor | Version | Tinstall | Tcheck | Ttotal | Status | Flags |
---|---|---|---|---|---|---|
r-devel-linux-x86_64-debian-clang | 1.0.1 | 12.99 | 155.45 | 168.44 | NOTE | |
r-devel-linux-x86_64-debian-gcc | 1.0.1 | 10.22 | 108.87 | 119.09 | NOTE | |
r-devel-linux-x86_64-fedora-clang | 1.0.1 | 211.25 | NOTE | |||
r-devel-linux-x86_64-fedora-gcc | 1.0.1 | 203.69 | NOTE | |||
r-devel-windows-x86_64 | 1.0.1 | 12.00 | 117.00 | 129.00 | OK | |
r-patched-linux-x86_64 | 1.0.1 | 10.68 | 142.79 | 153.47 | OK | |
r-release-linux-x86_64 | 1.0.1 | 13.85 | 141.16 | 155.01 | OK | |
r-release-macos-arm64 | 1.0.1 | 47.00 | OK | |||
r-release-macos-x86_64 | 1.0.1 | 161.00 | OK | |||
r-release-windows-x86_64 | 1.0.1 | 14.00 | 149.00 | 163.00 | OK | |
r-oldrel-macos-arm64 | 1.0.1 | 48.00 | OK | |||
r-oldrel-macos-x86_64 | 1.0.1 | 73.00 | OK | |||
r-oldrel-windows-x86_64 | 1.0.1 | 13.00 | 145.00 | 158.00 | OK |
Version: 1.0.1
Check: Rd files
Result: NOTE
checkRd: (-1) NesPrInDT.Rd:17: Lost braces
17 | {see function \code{\link{PrInDT}} for details.}\cr
| ^
checkRd: (-1) PrInDTAll.Rd:16: Lost braces
16 | {see function \code{\link{PrInDT}} for details.}\cr
| ^
checkRd: (-1) PrInDTAllparts.Rd:17: Lost braces
17 | {see function \code{\link{PrInDT}} for details.}\cr
| ^
checkRd: (-1) PrInDTMulab.Rd:17: Lost braces
17 | {see function \code{\link{PrInDT}} for details.}\cr
| ^
checkRd: (-1) PrInDTMulabAll.Rd:17: Lost braces
17 | {see function \code{\link{PrInDT}} for details.}\cr
| ^
checkRd: (-1) PrInDTMulev.Rd:16: Lost braces
16 | {see function \code{\link{PrInDT}} for details.}\cr
| ^
checkRd: (-1) PrInDTMulevAll.Rd:16: Lost braces
16 | {see function \code{\link{PrInDT}} for details.}\cr
| ^
checkRd: (-1) PrInDTreg.Rd:16: Lost braces
16 | {see function \code{\link{PrInDT}} for details.}\cr
| ^
checkRd: (-1) PrInDTregAll.Rd:16: Lost braces
16 | {see function \code{\link{PrInDT}} for details.}\cr
| ^
checkRd: (-1) RePrInDT.Rd:17: Lost braces
17 | {see function \code{\link{PrInDT}} for details.}\cr
| ^
Flavors: r-devel-linux-x86_64-debian-clang, r-devel-linux-x86_64-debian-gcc
Version: 1.0.1
Check: dependencies in R code
Result: NOTE
Namespace in Imports field not imported from: ‘stringr’
All declared Imports should be used.
Flavors: r-devel-linux-x86_64-fedora-clang, r-devel-linux-x86_64-fedora-gcc