CRAN Package Check Results for Package PrInDT

Last updated on 2024-06-18 05:57:44 CEST.

Flavor Version Tinstall Tcheck Ttotal Status Flags
r-devel-linux-x86_64-debian-clang 1.0.1 10.55 146.13 156.68 NOTE
r-devel-linux-x86_64-debian-gcc 1.0.1 10.03 108.04 118.07 NOTE
r-devel-linux-x86_64-fedora-clang 1.0.1 205.44 NOTE
r-devel-linux-x86_64-fedora-gcc 1.0.1 186.00 NOTE
r-devel-windows-x86_64 1.0.1 10.00 113.00 123.00 NOTE
r-patched-linux-x86_64 1.0.1 11.26 144.70 155.96 NOTE
r-release-linux-x86_64 1.0.1 11.74 140.87 152.61 NOTE
r-release-macos-arm64 1.0.1 52.00 NOTE
r-release-macos-x86_64 1.0.1 83.00 NOTE
r-release-windows-x86_64 1.0.1 11.00 112.00 123.00 NOTE
r-oldrel-macos-arm64 1.0.1 47.00 OK
r-oldrel-macos-x86_64 1.0.1 161.00 OK
r-oldrel-windows-x86_64 1.0.1 14.00 144.00 158.00 OK

Check Details

Version: 1.0.1
Check: Rd files
Result: NOTE checkRd: (-1) NesPrInDT.Rd:17: Lost braces 17 | {see function \code{\link{PrInDT}} for details.}\cr | ^ checkRd: (-1) PrInDTAll.Rd:16: Lost braces 16 | {see function \code{\link{PrInDT}} for details.}\cr | ^ checkRd: (-1) PrInDTAllparts.Rd:17: Lost braces 17 | {see function \code{\link{PrInDT}} for details.}\cr | ^ checkRd: (-1) PrInDTMulab.Rd:17: Lost braces 17 | {see function \code{\link{PrInDT}} for details.}\cr | ^ checkRd: (-1) PrInDTMulabAll.Rd:17: Lost braces 17 | {see function \code{\link{PrInDT}} for details.}\cr | ^ checkRd: (-1) PrInDTMulev.Rd:16: Lost braces 16 | {see function \code{\link{PrInDT}} for details.}\cr | ^ checkRd: (-1) PrInDTMulevAll.Rd:16: Lost braces 16 | {see function \code{\link{PrInDT}} for details.}\cr | ^ checkRd: (-1) PrInDTreg.Rd:16: Lost braces 16 | {see function \code{\link{PrInDT}} for details.}\cr | ^ checkRd: (-1) PrInDTregAll.Rd:16: Lost braces 16 | {see function \code{\link{PrInDT}} for details.}\cr | ^ checkRd: (-1) RePrInDT.Rd:17: Lost braces 17 | {see function \code{\link{PrInDT}} for details.}\cr | ^ Flavors: r-devel-linux-x86_64-debian-clang, r-devel-linux-x86_64-debian-gcc, r-devel-linux-x86_64-fedora-clang, r-devel-linux-x86_64-fedora-gcc, r-devel-windows-x86_64, r-patched-linux-x86_64, r-release-linux-x86_64, r-release-macos-arm64, r-release-macos-x86_64, r-release-windows-x86_64

Version: 1.0.1
Check: dependencies in R code
Result: NOTE Namespace in Imports field not imported from: ‘stringr’ All declared Imports should be used. Flavors: r-devel-linux-x86_64-fedora-clang, r-devel-linux-x86_64-fedora-gcc