CRAN Package Check Results for Package PowerTOST

Last updated on 2024-02-23 05:07:28 CET.

Flavor Version Tinstall Tcheck Ttotal Status Flags
r-devel-linux-x86_64-debian-clang 1.5-4 OK
r-devel-linux-x86_64-debian-gcc 1.5-4 10.65 153.37 164.02 OK
r-devel-linux-x86_64-fedora-clang 1.5-4 280.05 OK
r-devel-linux-x86_64-fedora-gcc 1.5-4 314.59 OK
r-devel-windows-x86_64 1.5-4 15.00 122.00 137.00 OK --no-vignettes
r-patched-linux-x86_64 1.5-4 15.27 207.00 222.27 OK
r-release-linux-x86_64 1.5-4 14.13 207.63 221.76 OK
r-release-macos-arm64 1.5-4 79.00 OK
r-release-macos-x86_64 1.5-4 177.00 NOTE
r-release-windows-x86_64 1.5-4 13.00 130.00 143.00 OK --no-vignettes
r-oldrel-macos-arm64 1.5-4 95.00 OK
r-oldrel-windows-x86_64 1.5-4 19.00 130.00 149.00 OK --no-vignettes

Check Details

Version: 1.5-4
Check: package dependencies
Result: NOTE Package suggested but not available for checking: ‘emmeans’ Flavor: r-release-macos-x86_64

Version: 1.5-4
Check: Rd cross-references
Result: NOTE Package unavailable to check Rd xrefs: ‘emmeans’ Flavor: r-release-macos-x86_64