CRAN Package Check Results for Package PieceExpIntensity

Last updated on 2024-02-20 04:24:02 CET.

Flavor Version Tinstall Tcheck Ttotal Status Flags
r-devel-linux-x86_64-debian-clang 1.0.4 NOTE
r-devel-linux-x86_64-debian-gcc 1.0.4 25.47 21.48 46.95 NOTE
r-devel-linux-x86_64-fedora-clang 1.0.4 93.15 NOTE
r-devel-linux-x86_64-fedora-gcc 1.0.4 84.08 NOTE
r-devel-windows-x86_64 1.0.4 26.00 68.00 94.00 NOTE
r-patched-linux-x86_64 1.0.4 34.39 27.78 62.17 NOTE
r-release-linux-x86_64 1.0.4 28.12 26.90 55.02 NOTE
r-release-macos-arm64 1.0.4 28.00 NOTE
r-release-macos-x86_64 1.0.4 41.00 NOTE
r-release-windows-x86_64 1.0.4 34.00 73.00 107.00 NOTE
r-oldrel-macos-arm64 1.0.4 26.00 NOTE
r-oldrel-windows-x86_64 1.0.4 32.00 73.00 105.00 NOTE

Check Details

Version: 1.0.4
Check: LazyData
Result: NOTE 'LazyData' is specified without a 'data' directory Flavors: r-devel-linux-x86_64-debian-clang, r-devel-linux-x86_64-debian-gcc, r-devel-linux-x86_64-fedora-clang, r-devel-linux-x86_64-fedora-gcc, r-devel-windows-x86_64, r-patched-linux-x86_64, r-release-linux-x86_64, r-release-macos-arm64, r-release-macos-x86_64, r-release-windows-x86_64, r-oldrel-macos-arm64, r-oldrel-windows-x86_64