CRAN Package Check Results for Package PhySortR

Last updated on 2024-02-20 04:24:02 CET.

Flavor Version Tinstall Tcheck Ttotal Status Flags
r-devel-linux-x86_64-debian-clang 1.0.8 NOTE
r-devel-linux-x86_64-debian-gcc 1.0.8 8.55 68.60 77.15 NOTE
r-devel-linux-x86_64-fedora-clang 1.0.8 128.33 NOTE
r-devel-linux-x86_64-fedora-gcc 1.0.8 120.33 NOTE
r-devel-windows-x86_64 1.0.8 9.00 80.00 89.00 NOTE
r-patched-linux-x86_64 1.0.8 11.92 88.80 100.72 NOTE
r-release-linux-x86_64 1.0.8 8.60 88.28 96.88 NOTE
r-release-macos-arm64 1.0.8 42.00 NOTE
r-release-macos-x86_64 1.0.8 64.00 NOTE
r-release-windows-x86_64 1.0.8 12.00 94.00 106.00 NOTE
r-oldrel-macos-arm64 1.0.8 35.00 NOTE
r-oldrel-windows-x86_64 1.0.8 13.00 102.00 115.00 NOTE

Check Details

Version: 1.0.8
Check: LazyData
Result: NOTE 'LazyData' is specified without a 'data' directory Flavors: r-devel-linux-x86_64-debian-clang, r-devel-linux-x86_64-debian-gcc, r-devel-linux-x86_64-fedora-clang, r-devel-linux-x86_64-fedora-gcc, r-devel-windows-x86_64, r-patched-linux-x86_64, r-release-linux-x86_64, r-release-macos-arm64, r-release-macos-x86_64, r-release-windows-x86_64, r-oldrel-macos-arm64, r-oldrel-windows-x86_64