Last updated on 2023-12-06 04:56:01 CET.
Flavor | Version | Tinstall | Tcheck | Ttotal | Status | Flags |
---|---|---|---|---|---|---|
r-devel-linux-x86_64-debian-clang | 2.0.5 | 60.21 | 197.26 | 257.47 | NOTE | |
r-devel-linux-x86_64-debian-gcc | 2.0.5 | 40.61 | 145.36 | 185.97 | NOTE | |
r-devel-linux-x86_64-fedora-clang | 2.0.5 | 331.45 | NOTE | |||
r-devel-linux-x86_64-fedora-gcc | 2.0.5 | 322.08 | NOTE | |||
r-devel-windows-x86_64 | 2.0.5 | 46.00 | 169.00 | 215.00 | NOTE | |
r-patched-linux-x86_64 | 2.0.5 | 39.61 | 186.01 | 225.62 | NOTE | |
r-release-linux-x86_64 | 2.0.5 | 34.87 | 186.53 | 221.40 | NOTE | |
r-release-macos-arm64 | 2.0.5 | 93.00 | NOTE | |||
r-release-macos-x86_64 | 2.0.5 | 156.00 | NOTE | |||
r-release-windows-x86_64 | 2.0.5 | 59.00 | 215.00 | 274.00 | NOTE | |
r-oldrel-macos-arm64 | 2.0.5 | 90.00 | OK | |||
r-oldrel-macos-x86_64 | 2.0.5 | 118.00 | OK | |||
r-oldrel-windows-x86_64 | 2.0.5 | 60.00 | 201.00 | 261.00 | OK |
Version: 2.0.5
Check: C++ specification
Result: NOTE
Specified C++11: please drop specification unless essential
Flavors: r-devel-linux-x86_64-debian-clang, r-devel-linux-x86_64-debian-gcc, r-devel-linux-x86_64-fedora-clang, r-devel-linux-x86_64-fedora-gcc, r-devel-windows-x86_64, r-patched-linux-x86_64, r-release-linux-x86_64, r-release-macos-arm64, r-release-macos-x86_64, r-release-windows-x86_64