CRAN Package Check Results for Package PPforest

Last updated on 2024-02-25 04:51:14 CET.

Flavor Version Tinstall Tcheck Ttotal Status Flags
r-devel-linux-x86_64-debian-clang 0.1.3 52.99 88.29 141.28 NOTE
r-devel-linux-x86_64-debian-gcc 0.1.3 37.18 66.28 103.46 NOTE
r-devel-linux-x86_64-fedora-clang 0.1.3 188.88 NOTE
r-devel-linux-x86_64-fedora-gcc 0.1.3 208.14 NOTE
r-devel-windows-x86_64 0.1.3 40.00 110.00 150.00 OK
r-patched-linux-x86_64 0.1.3 33.91 85.87 119.78 OK
r-release-linux-x86_64 0.1.3 36.05 85.75 121.80 OK
r-release-macos-arm64 0.1.3 59.00 NOTE
r-release-macos-x86_64 0.1.3 81.00 NOTE
r-release-windows-x86_64 0.1.3 51.00 128.00 179.00 OK
r-oldrel-macos-arm64 0.1.3 43.00 NOTE
r-oldrel-windows-x86_64 0.1.3 46.00 134.00 180.00 OK

Check Details

Version: 0.1.3
Check: Rd files
Result: NOTE checkRd: (-1) NCI60.Rd:19: Lost braces in \itemize; meant \describe ? checkRd: (-1) NCI60.Rd:20: Lost braces in \itemize; meant \describe ? checkRd: (-1) crab.Rd:21: Lost braces in \itemize; meant \describe ? checkRd: (-1) crab.Rd:22: Lost braces in \itemize; meant \describe ? checkRd: (-1) crab.Rd:23: Lost braces in \itemize; meant \describe ? checkRd: (-1) crab.Rd:24: Lost braces in \itemize; meant \describe ? checkRd: (-1) crab.Rd:25: Lost braces in \itemize; meant \describe ? checkRd: (-1) crab.Rd:26: Lost braces in \itemize; meant \describe ? checkRd: (-1) fishcatch.Rd:20: Lost braces in \itemize; meant \describe ? checkRd: (-1) fishcatch.Rd:21: Lost braces in \itemize; meant \describe ? checkRd: (-1) fishcatch.Rd:22: Lost braces in \itemize; meant \describe ? checkRd: (-1) fishcatch.Rd:23: Lost braces in \itemize; meant \describe ? checkRd: (-1) fishcatch.Rd:24: Lost braces in \itemize; meant \describe ? checkRd: (-1) fishcatch.Rd:25: Lost braces in \itemize; meant \describe ? checkRd: (-1) fishcatch.Rd:26: Lost braces in \itemize; meant \describe ? checkRd: (-1) fishcatch.Rd:11: Lost braces 11 | url{http://www.amstat.org/publications/jse/jse_data_archive.htm} | ^ checkRd: (-1) glass.Rd:16: Lost braces in \itemize; meant \describe ? checkRd: (-1) glass.Rd:17: Lost braces in \itemize; meant \describe ? checkRd: (-1) glass.Rd:18: Lost braces in \itemize; meant \describe ? checkRd: (-1) glass.Rd:19: Lost braces in \itemize; meant \describe ? checkRd: (-1) glass.Rd:20: Lost braces in \itemize; meant \describe ? checkRd: (-1) glass.Rd:21: Lost braces in \itemize; meant \describe ? checkRd: (-1) glass.Rd:22: Lost braces in \itemize; meant \describe ? checkRd: (-1) glass.Rd:23: Lost braces in \itemize; meant \describe ? checkRd: (-1) glass.Rd:24: Lost braces in \itemize; meant \describe ? checkRd: (-1) glass.Rd:25: Lost braces in \itemize; meant \describe ? checkRd: (-1) image.Rd:16: Lost braces in \itemize; meant \describe ? checkRd: (-1) image.Rd:17: Lost braces in \itemize; meant \describe ? checkRd: (-1) image.Rd:18: Lost braces in \itemize; meant \describe ? checkRd: (-1) image.Rd:19: Lost braces in \itemize; meant \describe ? checkRd: (-1) image.Rd:20: Lost braces in \itemize; meant \describe ? checkRd: (-1) image.Rd:21: Lost braces in \itemize; meant \describe ? checkRd: (-1) image.Rd:22: Lost braces in \itemize; meant \describe ? checkRd: (-1) image.Rd:23: Lost braces in \itemize; meant \describe ? checkRd: (-1) image.Rd:24: Lost braces in \itemize; meant \describe ? checkRd: (-1) image.Rd:25: Lost braces in \itemize; meant \describe ? checkRd: (-1) image.Rd:26: Lost braces in \itemize; meant \describe ? checkRd: (-1) image.Rd:27: Lost braces in \itemize; meant \describe ? checkRd: (-1) image.Rd:28: Lost braces in \itemize; meant \describe ? checkRd: (-1) image.Rd:29: Lost braces in \itemize; meant \describe ? checkRd: (-1) image.Rd:30: Lost braces in \itemize; meant \describe ? checkRd: (-1) image.Rd:31: Lost braces in \itemize; meant \describe ? checkRd: (-1) image.Rd:32: Lost braces in \itemize; meant \describe ? checkRd: (-1) image.Rd:33: Lost braces in \itemize; meant \describe ? checkRd: (-1) image.Rd:34: Lost braces in \itemize; meant \describe ? checkRd: (-1) leukemia.Rd:19: Lost braces in \itemize; meant \describe ? checkRd: (-1) leukemia.Rd:20: Lost braces in \itemize; meant \describe ? checkRd: (-1) lymphoma.Rd:19: Lost braces in \itemize; meant \describe ? checkRd: (-1) lymphoma.Rd:20: Lost braces in \itemize; meant \describe ? checkRd: (-1) olive.Rd:16: Lost braces in \itemize; meant \describe ? checkRd: (-1) olive.Rd:17: Lost braces in \itemize; meant \describe ? checkRd: (-1) olive.Rd:18: Lost braces in \itemize; meant \describe ? checkRd: (-1) olive.Rd:19: Lost braces in \itemize; meant \describe ? checkRd: (-1) olive.Rd:20: Lost braces in \itemize; meant \describe ? checkRd: (-1) olive.Rd:21: Lost braces in \itemize; meant \describe ? checkRd: (-1) olive.Rd:22: Lost braces in \itemize; meant \describe ? checkRd: (-1) olive.Rd:23: Lost braces in \itemize; meant \describe ? checkRd: (-1) olive.Rd:24: Lost braces in \itemize; meant \describe ? checkRd: (-1) olive.Rd:25: Lost braces in \itemize; meant \describe ? checkRd: (-1) parkinson.Rd:19: Lost braces in \itemize; meant \describe ? checkRd: (-1) parkinson.Rd:20: Lost braces in \itemize; meant \describe ? checkRd: (-1) parkinson.Rd:21: Lost braces in \itemize; meant \describe ? checkRd: (-1) parkinson.Rd:22: Lost braces in \itemize; meant \describe ? checkRd: (-1) parkinson.Rd:23: Lost braces in \itemize; meant \describe ? checkRd: (-1) parkinson.Rd:24: Lost braces in \itemize; meant \describe ? checkRd: (-1) parkinson.Rd:25: Lost braces in \itemize; meant \describe ? checkRd: (-1) parkinson.Rd:26: Lost braces in \itemize; meant \describe ? checkRd: (-1) parkinson.Rd:27: Lost braces in \itemize; meant \describe ? checkRd: (-1) parkinson.Rd:28: Lost braces in \itemize; meant \describe ? checkRd: (-1) parkinson.Rd:29: Lost braces in \itemize; meant \describe ? checkRd: (-1) parkinson.Rd:30: Lost braces in \itemize; meant \describe ? checkRd: (-1) parkinson.Rd:31: Lost braces in \itemize; meant \describe ? checkRd: (-1) parkinson.Rd:32: Lost braces in \itemize; meant \describe ? checkRd: (-1) parkinson.Rd:33: Lost braces in \itemize; meant \describe ? checkRd: (-1) parkinson.Rd:34: Lost braces in \itemize; meant \describe ? checkRd: (-1) parkinson.Rd:35: Lost braces in \itemize; meant \describe ? checkRd: (-1) parkinson.Rd:36: Lost braces in \itemize; meant \describe ? checkRd: (-1) parkinson.Rd:37: Lost braces in \itemize; meant \describe ? checkRd: (-1) parkinson.Rd:38: Lost braces in \itemize; meant \describe ? checkRd: (-1) parkinson.Rd:39: Lost braces in \itemize; meant \describe ? checkRd: (-1) parkinson.Rd:40: Lost braces in \itemize; meant \describe ? checkRd: (-1) parkinson.Rd:41: Lost braces in \itemize; meant \describe ? checkRd: (-1) parkinson.Rd:11: Lost braces 11 | url{https://archive.ics.uci.edu/ml/datasets/Parkinsons} | ^ checkRd: (-1) wine.Rd:18: Lost braces in \itemize; meant \describe ? checkRd: (-1) wine.Rd:19: Lost braces in \itemize; meant \describe ? Flavors: r-devel-linux-x86_64-debian-clang, r-devel-linux-x86_64-debian-gcc, r-devel-linux-x86_64-fedora-clang, r-devel-linux-x86_64-fedora-gcc

Version: 0.1.3
Check: installed package size
Result: NOTE installed size is 5.5Mb sub-directories of 1Mb or more: libs 4.4Mb Flavors: r-release-macos-arm64, r-release-macos-x86_64, r-oldrel-macos-arm64