CRAN Package Check Results for Package PPRL

Last updated on 2023-09-27 06:02:16 CEST.

Flavor Version Tinstall Tcheck Ttotal Status Flags
r-devel-linux-x86_64-debian-clang 0.3.8 265.16 32.10 297.26 NOTE
r-devel-linux-x86_64-debian-gcc 0.3.8 178.46 25.76 204.22 NOTE
r-devel-linux-x86_64-fedora-clang 0.3.8 517.67 NOTE
r-devel-linux-x86_64-fedora-gcc 0.3.8 453.79 NOTE
r-devel-windows-x86_64 0.3.8 165.00 74.00 239.00 NOTE
r-patched-linux-x86_64 0.3.8 252.45 31.78 284.23 NOTE
r-release-linux-x86_64 0.3.8 254.87 32.26 287.13 NOTE
r-release-macos-arm64 0.3.8 94.00 NOTE
r-release-macos-x86_64 0.3.8 178.00 NOTE
r-release-windows-x86_64 0.3.8 182.00 82.00 264.00 NOTE
r-oldrel-macos-arm64 0.3.8 90.00 NOTE
r-oldrel-macos-x86_64 0.3.8 111.00 NOTE
r-oldrel-windows-x86_64 0.3.8 233.00 113.00 346.00 OK

Check Details

Version: 0.3.8
Check: C++ specification
Result: NOTE
     Specified C++11: please drop specification unless essential
Flavors: r-devel-linux-x86_64-debian-clang, r-devel-linux-x86_64-debian-gcc, r-devel-linux-x86_64-fedora-clang, r-devel-linux-x86_64-fedora-gcc, r-devel-windows-x86_64, r-patched-linux-x86_64, r-release-linux-x86_64, r-release-macos-arm64, r-release-macos-x86_64, r-release-windows-x86_64

Version: 0.3.8
Check: installed package size
Result: NOTE
     installed size is 9.3Mb
     sub-directories of 1Mb or more:
     libs 8.3Mb
Flavors: r-release-macos-arm64, r-release-macos-x86_64, r-oldrel-macos-arm64, r-oldrel-macos-x86_64