CRAN Package Check Results for Package POSetR

Last updated on 2024-02-23 05:07:28 CET.

Flavor Version Tinstall Tcheck Ttotal Status Flags
r-devel-linux-x86_64-debian-clang 1.1.4 OK
r-devel-linux-x86_64-debian-gcc 1.1.4 184.34 31.40 215.74 OK
r-devel-linux-x86_64-fedora-clang 1.1.4 400.16 OK
r-devel-linux-x86_64-fedora-gcc 1.1.4 402.65 OK
r-devel-windows-x86_64 1.1.4 166.00 74.00 240.00 OK
r-patched-linux-x86_64 1.1.4 240.75 39.73 280.48 OK
r-release-linux-x86_64 1.1.4 211.86 39.92 251.78 OK
r-release-macos-arm64 1.1.4 75.00 NOTE
r-release-macos-x86_64 1.1.4 83.00 NOTE
r-release-windows-x86_64 1.1.4 214.00 89.00 303.00 OK
r-oldrel-macos-arm64 1.1.4 76.00 NOTE
r-oldrel-windows-x86_64 1.1.4 215.00 86.00 301.00 OK

Check Details

Version: 1.1.4
Check: installed package size
Result: NOTE installed size is 13.0Mb sub-directories of 1Mb or more: libs 12.8Mb Flavors: r-release-macos-arm64, r-release-macos-x86_64, r-oldrel-macos-arm64