CRAN Package Check Results for Package PKconverter

Last updated on 2024-02-26 04:49:35 CET.

Flavor Version Tinstall Tcheck Ttotal Status Flags
r-devel-linux-x86_64-debian-clang 1.5 8.48 59.64 68.12 NOTE
r-devel-linux-x86_64-debian-gcc 1.5 9.60 44.56 54.16 NOTE
r-devel-linux-x86_64-fedora-clang 1.5 85.48 NOTE
r-devel-linux-x86_64-fedora-gcc 1.5 79.53 NOTE
r-devel-windows-x86_64 1.5 10.00 58.00 68.00 NOTE
r-patched-linux-x86_64 1.5 7.71 58.80 66.51 NOTE
r-release-linux-x86_64 1.5 7.29 57.63 64.92 NOTE
r-release-macos-arm64 1.5 25.00 NOTE
r-release-macos-x86_64 1.5 39.00 NOTE
r-release-windows-x86_64 1.5 13.00 69.00 82.00 NOTE
r-oldrel-macos-arm64 1.5 21.00 NOTE
r-oldrel-windows-x86_64 1.5 14.00 67.00 81.00 NOTE

Check Details

Version: 1.5
Check: LazyData
Result: NOTE 'LazyData' is specified without a 'data' directory Flavors: r-devel-linux-x86_64-debian-clang, r-devel-linux-x86_64-debian-gcc, r-devel-linux-x86_64-fedora-clang, r-devel-linux-x86_64-fedora-gcc, r-devel-windows-x86_64, r-patched-linux-x86_64, r-release-linux-x86_64, r-release-macos-arm64, r-release-macos-x86_64, r-release-windows-x86_64, r-oldrel-macos-arm64, r-oldrel-windows-x86_64