Last updated on 2023-12-06 04:56:00 CET.
Flavor | Version | Tinstall | Tcheck | Ttotal | Status | Flags |
---|---|---|---|---|---|---|
r-devel-linux-x86_64-debian-clang | 0.1.0 | 11.40 | 144.77 | 156.17 | OK | |
r-devel-linux-x86_64-debian-gcc | 0.1.0 | 8.69 | 108.21 | 116.90 | OK | |
r-devel-linux-x86_64-fedora-clang | 0.1.0 | 200.77 | NOTE | |||
r-devel-linux-x86_64-fedora-gcc | 0.1.0 | 203.64 | NOTE | |||
r-devel-windows-x86_64 | 0.1.0 | 9.00 | 112.00 | 121.00 | OK | |
r-patched-linux-x86_64 | 0.1.0 | 8.72 | 139.79 | 148.51 | OK | |
r-release-linux-x86_64 | 0.1.0 | 10.41 | 137.73 | 148.14 | OK | |
r-release-macos-arm64 | 0.1.0 | 63.00 | OK | |||
r-release-macos-x86_64 | 0.1.0 | 106.00 | OK | |||
r-release-windows-x86_64 | 0.1.0 | 13.00 | 147.00 | 160.00 | OK | |
r-oldrel-macos-arm64 | 0.1.0 | 56.00 | NOTE | |||
r-oldrel-macos-x86_64 | 0.1.0 | 114.00 | NOTE | |||
r-oldrel-windows-x86_64 | 0.1.0 | 13.00 | 148.00 | 161.00 | OK |
Version: 0.1.0
Check: dependencies in R code
Result: NOTE
Namespace in Imports field not imported from: ‘glmnet’
All declared Imports should be used.
Flavors: r-devel-linux-x86_64-fedora-clang, r-devel-linux-x86_64-fedora-gcc, r-oldrel-macos-arm64, r-oldrel-macos-x86_64