CRAN Package Check Results for Package PCSinR

Last updated on 2024-04-14 05:59:49 CEST.

Flavor Version Tinstall Tcheck Ttotal Status Flags
r-devel-linux-x86_64-debian-clang 0.1.0 2.15 22.88 25.03 NOTE
r-devel-linux-x86_64-debian-gcc 0.1.0 1.59 17.76 19.35 NOTE
r-devel-linux-x86_64-fedora-clang 0.1.0 31.66 NOTE
r-devel-linux-x86_64-fedora-gcc 0.1.0 30.90 NOTE
r-devel-windows-x86_64 0.1.0 3.00 39.00 42.00 NOTE
r-patched-linux-x86_64 0.1.0 1.72 22.39 24.11 NOTE
r-release-linux-x86_64 0.1.0 1.78 22.33 24.11 NOTE
r-release-macos-arm64 0.1.0 16.00 NOTE
r-release-macos-x86_64 0.1.0 19.00 NOTE
r-release-windows-x86_64 0.1.0 3.00 38.00 41.00 NOTE
r-oldrel-macos-arm64 0.1.0 16.00 NOTE
r-oldrel-windows-x86_64 0.1.0 4.00 42.00 46.00 NOTE

Check Details

Version: 0.1.0
Check: package subdirectories
Result: NOTE Problems with news in ‘NEWS.md’: No news entries found. Flavors: r-devel-linux-x86_64-debian-clang, r-devel-linux-x86_64-debian-gcc, r-devel-linux-x86_64-fedora-clang, r-devel-linux-x86_64-fedora-gcc, r-devel-windows-x86_64, r-patched-linux-x86_64, r-release-linux-x86_64, r-release-macos-arm64, r-release-macos-x86_64, r-release-windows-x86_64

Version: 0.1.0
Check: LazyData
Result: NOTE 'LazyData' is specified without a 'data' directory Flavors: r-devel-linux-x86_64-debian-clang, r-devel-linux-x86_64-debian-gcc, r-devel-linux-x86_64-fedora-clang, r-devel-linux-x86_64-fedora-gcc, r-devel-windows-x86_64, r-patched-linux-x86_64, r-release-linux-x86_64, r-release-macos-arm64, r-release-macos-x86_64, r-release-windows-x86_64, r-oldrel-macos-arm64, r-oldrel-windows-x86_64