CRAN Package Check Results for Package PACLasso

Last updated on 2023-11-29 04:57:30 CET.

Flavor Version Tinstall Tcheck Ttotal Status Flags
r-devel-linux-x86_64-debian-clang 1.0.0 8.23 90.98 99.21 NOTE
r-devel-linux-x86_64-debian-gcc 1.0.0 6.54 70.28 76.82 NOTE
r-devel-linux-x86_64-fedora-clang 1.0.0 123.91 NOTE
r-devel-linux-x86_64-fedora-gcc 1.0.0 119.16 NOTE
r-devel-windows-x86_64 1.0.0 8.00 90.00 98.00 NOTE
r-patched-linux-x86_64 1.0.0 7.46 89.56 97.02 NOTE
r-release-linux-x86_64 1.0.0 7.73 90.13 97.86 NOTE
r-release-macos-arm64 1.0.0 43.00 NOTE
r-release-macos-x86_64 1.0.0 70.00 NOTE
r-release-windows-x86_64 1.0.0 10.00 99.00 109.00 NOTE
r-oldrel-macos-arm64 1.0.0 38.00 NOTE
r-oldrel-macos-x86_64 1.0.0 56.00 NOTE
r-oldrel-windows-x86_64 1.0.0 10.00 100.00 110.00 NOTE

Check Details

Version: 1.0.0
Check: LazyData
Result: NOTE 'LazyData' is specified without a 'data' directory Flavors: r-devel-linux-x86_64-debian-clang, r-devel-linux-x86_64-debian-gcc, r-devel-linux-x86_64-fedora-clang, r-devel-linux-x86_64-fedora-gcc, r-devel-windows-x86_64, r-patched-linux-x86_64, r-release-linux-x86_64, r-release-macos-arm64, r-release-macos-x86_64, r-release-windows-x86_64, r-oldrel-macos-arm64, r-oldrel-macos-x86_64, r-oldrel-windows-x86_64