Last updated on 2023-11-29 04:57:29 CET.
Flavor | Version | Tinstall | Tcheck | Ttotal | Status | Flags |
---|---|---|---|---|---|---|
r-devel-linux-x86_64-debian-clang | 0.0.4 | 24.08 | 61.34 | 85.42 | OK | |
r-devel-linux-x86_64-debian-gcc | 0.0.4 | 14.34 | 46.75 | 61.09 | OK | |
r-devel-linux-x86_64-fedora-clang | 0.0.4 | 111.87 | NOTE | |||
r-devel-linux-x86_64-fedora-gcc | 0.0.4 | 118.13 | NOTE | |||
r-devel-windows-x86_64 | 0.0.4 | 20.00 | 88.00 | 108.00 | OK | |
r-patched-linux-x86_64 | 0.0.4 | 19.43 | 58.49 | 77.92 | OK | |
r-release-linux-x86_64 | 0.0.4 | 20.32 | 58.66 | 78.98 | OK | |
r-release-macos-arm64 | 0.0.4 | 40.00 | OK | |||
r-release-macos-x86_64 | 0.0.4 | 66.00 | OK | |||
r-release-windows-x86_64 | 0.0.4 | 27.00 | 99.00 | 126.00 | OK | |
r-oldrel-macos-arm64 | 0.0.4 | 35.00 | NOTE | |||
r-oldrel-macos-x86_64 | 0.0.4 | 45.00 | NOTE | |||
r-oldrel-windows-x86_64 | 0.0.4 | 23.00 | 104.00 | 127.00 | OK |
Version: 0.0.4
Check: dependencies in R code
Result: NOTE
Namespace in Imports field not imported from: ‘reshape2’
All declared Imports should be used.
Flavors: r-devel-linux-x86_64-fedora-clang, r-devel-linux-x86_64-fedora-gcc, r-oldrel-macos-arm64, r-oldrel-macos-x86_64