CRAN Package Check Results for Package OSTE

Last updated on 2024-06-14 05:58:32 CEST.

Flavor Version Tinstall Tcheck Ttotal Status Flags
r-devel-linux-x86_64-debian-clang 1.0 9.53 81.87 91.40 OK
r-devel-linux-x86_64-debian-gcc 1.0 0.31 1.65 1.96 ERROR
r-devel-linux-x86_64-fedora-clang 1.0 126.02 OK
r-devel-linux-x86_64-fedora-gcc 1.0 106.03 OK
r-devel-windows-x86_64 1.0 9.00 76.00 85.00 OK
r-patched-linux-x86_64 1.0 6.46 80.02 86.48 OK
r-release-linux-x86_64 1.0 8.84 79.57 88.41 OK
r-release-macos-arm64 1.0 32.00 OK
r-release-macos-x86_64 1.0 48.00 OK
r-release-windows-x86_64 1.0 9.00 77.00 86.00 OK
r-oldrel-macos-arm64 1.0 37.00 OK
r-oldrel-macos-x86_64 1.0 60.00 OK
r-oldrel-windows-x86_64 1.0 11.00 92.00 103.00 OK

Check Details

Version: 1.0
Check: package dependencies
Result: ERROR Package required but not available: ‘pec’ See section ‘The DESCRIPTION file’ in the ‘Writing R Extensions’ manual. Flavor: r-devel-linux-x86_64-debian-gcc