CRAN Package Check Results for Package NonNorMvtDist

Last updated on 2023-11-29 04:57:29 CET.

Flavor Version Tinstall Tcheck Ttotal Status Flags
r-devel-linux-x86_64-debian-clang 1.0.2 3.25 38.18 41.43 NOTE
r-devel-linux-x86_64-debian-gcc 1.0.2 3.72 29.26 32.98 NOTE
r-devel-linux-x86_64-fedora-clang 1.0.2 53.57 NOTE
r-devel-linux-x86_64-fedora-gcc 1.0.2 50.87 NOTE
r-devel-windows-x86_64 1.0.2 3.00 51.00 54.00 NOTE
r-patched-linux-x86_64 1.0.2 7.45 37.57 45.02 NOTE
r-release-linux-x86_64 1.0.2 4.91 38.15 43.06 NOTE
r-release-macos-arm64 1.0.2 21.00 NOTE
r-release-macos-x86_64 1.0.2 29.00 NOTE
r-release-windows-x86_64 1.0.2 6.00 51.00 57.00 NOTE
r-oldrel-macos-arm64 1.0.2 21.00 NOTE
r-oldrel-macos-x86_64 1.0.2 27.00 NOTE
r-oldrel-windows-x86_64 1.0.2 6.00 55.00 61.00 NOTE

Check Details

Version: 1.0.2
Check: LazyData
Result: NOTE 'LazyData' is specified without a 'data' directory Flavors: r-devel-linux-x86_64-debian-clang, r-devel-linux-x86_64-debian-gcc, r-devel-linux-x86_64-fedora-clang, r-devel-linux-x86_64-fedora-gcc, r-devel-windows-x86_64, r-patched-linux-x86_64, r-release-linux-x86_64, r-release-macos-arm64, r-release-macos-x86_64, r-release-windows-x86_64, r-oldrel-macos-arm64, r-oldrel-macos-x86_64, r-oldrel-windows-x86_64