Last updated on 2023-11-28 04:57:26 CET.
Flavor | Version | Tinstall | Tcheck | Ttotal | Status | Flags |
---|---|---|---|---|---|---|
r-devel-linux-x86_64-debian-clang | 0.8 | 26.35 | 188.88 | 215.23 | NOTE | --no-vignettes |
r-devel-linux-x86_64-debian-gcc | 0.8 | 20.36 | 137.73 | 158.09 | NOTE | --no-vignettes |
r-devel-linux-x86_64-fedora-clang | 0.8 | 265.58 | NOTE | |||
r-devel-linux-x86_64-fedora-gcc | 0.8 | 250.82 | NOTE | |||
r-devel-windows-x86_64 | 0.8 | 23.00 | 145.00 | 168.00 | NOTE | |
r-patched-linux-x86_64 | 0.8 | 23.69 | 179.13 | 202.82 | NOTE | --no-vignettes |
r-release-linux-x86_64 | 0.8 | 19.85 | 175.70 | 195.55 | NOTE | --no-vignettes |
r-release-macos-arm64 | 0.8 | 78.00 | NOTE | |||
r-release-macos-x86_64 | 0.8 | 125.00 | NOTE | |||
r-release-windows-x86_64 | 0.8 | 30.00 | 175.00 | 205.00 | NOTE | |
r-oldrel-macos-arm64 | 0.8 | 75.00 | OK | |||
r-oldrel-macos-x86_64 | 0.8 | 140.00 | OK | |||
r-oldrel-windows-x86_64 | 0.8 | 31.00 | 174.00 | 205.00 | OK |
Version: 0.8
Flags: --no-vignettes
Check: Rd files
Result: NOTE
checkRd: (-1) NetworkChange.Rd:163: Escaped LaTeX specials: \&
checkRd: (-1) NetworkChangeRobust.Rd:144: Escaped LaTeX specials: \&
checkRd: (-1) NetworkStatic.Rd:142: Escaped LaTeX specials: \&
Flavors: r-devel-linux-x86_64-debian-clang, r-devel-linux-x86_64-debian-gcc, r-patched-linux-x86_64, r-release-linux-x86_64
Version: 0.8
Check: Rd files
Result: NOTE
checkRd: (-1) NetworkChange.Rd:163: Escaped LaTeX specials: \&
checkRd: (-1) NetworkChangeRobust.Rd:144: Escaped LaTeX specials: \&
checkRd: (-1) NetworkStatic.Rd:142: Escaped LaTeX specials: \&
Flavors: r-devel-linux-x86_64-fedora-clang, r-devel-linux-x86_64-fedora-gcc, r-devel-windows-x86_64, r-release-macos-arm64, r-release-macos-x86_64, r-release-windows-x86_64