CRAN Package Check Results for Package NMAoutlier

Last updated on 2024-06-13 05:59:13 CEST.

Flavor Version Tinstall Tcheck Ttotal Status Flags
r-devel-linux-x86_64-debian-clang 0.1.18 11.78 137.65 149.43 OK
r-devel-linux-x86_64-debian-gcc 0.1.18 0.42 1.74 2.16 ERROR
r-devel-linux-x86_64-fedora-clang 0.1.18 189.22 OK
r-devel-linux-x86_64-fedora-gcc 0.1.18 176.95 OK
r-devel-windows-x86_64 0.1.18 14.00 116.00 130.00 OK
r-patched-linux-x86_64 0.1.18 20.74 129.92 150.66 OK
r-release-linux-x86_64 0.1.18 14.84 131.22 146.06 OK
r-release-macos-arm64 0.1.18 52.00 OK
r-release-macos-x86_64 0.1.18 82.00 OK
r-release-windows-x86_64 0.1.18 15.00 118.00 133.00 OK
r-oldrel-macos-arm64 0.1.18 56.00 OK
r-oldrel-macos-x86_64 0.1.18 77.00 OK
r-oldrel-windows-x86_64 0.1.18 20.00 142.00 162.00 OK

Check Details

Version: 0.1.18
Check: package dependencies
Result: ERROR Packages required but not available: 'netmeta', 'meta', 'reshape2', 'ggplot2' See section ‘The DESCRIPTION file’ in the ‘Writing R Extensions’ manual. Flavor: r-devel-linux-x86_64-debian-gcc