CRAN Package Check Results for Package NIMAA

Last updated on 2024-02-26 04:49:33 CET.

Flavor Version Tinstall Tcheck Ttotal Status Flags
r-devel-linux-x86_64-debian-clang 0.2.1 28.77 363.10 391.87 OK
r-devel-linux-x86_64-debian-gcc 0.2.1 21.62 273.85 295.47 OK
r-devel-linux-x86_64-fedora-clang 0.2.1 470.13 NOTE
r-devel-linux-x86_64-fedora-gcc 0.2.1 478.58 NOTE
r-devel-windows-x86_64 0.2.1 24.00 265.00 289.00 NOTE
r-patched-linux-x86_64 0.2.1 31.68 355.07 386.75 OK
r-release-linux-x86_64 0.2.1 26.96 357.58 384.54 OK
r-release-macos-arm64 0.2.1 143.00 NOTE
r-release-macos-x86_64 0.2.1 258.00 NOTE
r-release-windows-x86_64 0.2.1 32.00 339.00 371.00 NOTE
r-oldrel-macos-arm64 0.2.1 130.00 NOTE
r-oldrel-windows-x86_64 0.2.1 31.00 352.00 383.00 NOTE

Check Details

Version: 0.2.1
Check: installed package size
Result: NOTE installed size is 5.2Mb sub-directories of 1Mb or more: doc 4.0Mb Flavors: r-devel-linux-x86_64-fedora-clang, r-devel-windows-x86_64, r-release-macos-arm64, r-release-macos-x86_64, r-release-windows-x86_64, r-oldrel-macos-arm64, r-oldrel-windows-x86_64

Version: 0.2.1
Check: data for non-ASCII characters
Result: NOTE Note: found 24 marked UTF-8 strings Flavors: r-devel-linux-x86_64-fedora-clang, r-devel-linux-x86_64-fedora-gcc, r-oldrel-macos-arm64