CRAN Package Check Results for Package NHANES

Last updated on 2024-02-26 04:49:33 CET.

Flavor Version Tinstall Tcheck Ttotal Status Flags
r-devel-linux-x86_64-debian-clang 2.1.0 3.29 25.14 28.43 NOTE
r-devel-linux-x86_64-debian-gcc 2.1.0 2.48 19.69 22.17 NOTE
r-devel-linux-x86_64-fedora-clang 2.1.0 35.79 NOTE
r-devel-linux-x86_64-fedora-gcc 2.1.0 35.00 NOTE
r-devel-windows-x86_64 2.1.0 5.00 41.00 46.00 OK
r-patched-linux-x86_64 2.1.0 3.13 24.88 28.01 OK
r-release-linux-x86_64 2.1.0 3.18 24.87 28.05 OK
r-release-macos-arm64 2.1.0 17.00 OK
r-release-macos-x86_64 2.1.0 23.00 OK
r-release-windows-x86_64 2.1.0 4.00 42.00 46.00 OK
r-oldrel-macos-arm64 2.1.0 19.00 OK
r-oldrel-windows-x86_64 2.1.0 5.00 54.00 59.00 OK

Check Details

Version: 2.1.0
Check: Rd files
Result: NOTE checkRd: (-1) NHANES.Rd:278: Lost braces 278 | \code{AgeFirstMarij}{Age participant first tried marijuana. Reported for participants aged 18 to 59 years.} | ^ Flavors: r-devel-linux-x86_64-debian-clang, r-devel-linux-x86_64-debian-gcc, r-devel-linux-x86_64-fedora-clang, r-devel-linux-x86_64-fedora-gcc