CRAN Package Check Results for Package NFWdist

Last updated on 2024-03-04 04:51:36 CET.

Flavor Version Tinstall Tcheck Ttotal Status Flags
r-devel-linux-x86_64-debian-clang 0.1.0 1.61 23.86 25.47 NOTE
r-devel-linux-x86_64-debian-gcc 0.1.0 1.77 18.70 20.47 NOTE
r-devel-linux-x86_64-fedora-clang 0.1.0 33.62 NOTE
r-devel-linux-x86_64-fedora-gcc 0.1.0 47.83 NOTE
r-devel-windows-x86_64 0.1.0 2.00 41.00 43.00 NOTE
r-patched-linux-x86_64 0.1.0 1.85 23.57 25.42 NOTE
r-release-linux-x86_64 0.1.0 2.25 23.47 25.72 NOTE
r-release-macos-arm64 0.1.0 23.00 NOTE
r-release-macos-x86_64 0.1.0 34.00 NOTE
r-release-windows-x86_64 0.1.0 4.00 44.00 48.00 NOTE
r-oldrel-macos-arm64 0.1.0 22.00 NOTE
r-oldrel-windows-x86_64 0.1.0 3.00 44.00 47.00 NOTE

Check Details

Version: 0.1.0
Check: LazyData
Result: NOTE 'LazyData' is specified without a 'data' directory Flavors: r-devel-linux-x86_64-debian-clang, r-devel-linux-x86_64-debian-gcc, r-devel-linux-x86_64-fedora-clang, r-devel-linux-x86_64-fedora-gcc, r-devel-windows-x86_64, r-patched-linux-x86_64, r-release-linux-x86_64, r-release-macos-arm64, r-release-macos-x86_64, r-release-windows-x86_64, r-oldrel-macos-arm64, r-oldrel-windows-x86_64