Last updated on 2023-09-30 06:08:46 CEST.
Flavor | Version | Tinstall | Tcheck | Ttotal | Status | Flags |
---|---|---|---|---|---|---|
r-devel-linux-x86_64-debian-clang | 1.0 | 35.70 | 372.13 | 407.83 | OK | |
r-devel-linux-x86_64-debian-gcc | 1.0 | 28.68 | 268.86 | 297.54 | OK | |
r-devel-linux-x86_64-fedora-clang | 1.0 | 526.08 | NOTE | |||
r-devel-linux-x86_64-fedora-gcc | 1.0 | 514.23 | NOTE | |||
r-devel-windows-x86_64 | 1.0 | 31.00 | 268.00 | 299.00 | OK | |
r-patched-linux-x86_64 | 1.0 | 27.42 | 348.19 | 375.61 | OK | |
r-release-linux-x86_64 | 1.0 | 30.67 | 345.90 | 376.57 | OK | |
r-release-macos-arm64 | 1.0 | 102.00 | OK | |||
r-release-macos-x86_64 | 1.0 | 169.00 | OK | |||
r-release-windows-x86_64 | 1.0 | 40.00 | 333.00 | 373.00 | OK | |
r-oldrel-macos-arm64 | 1.0 | 69.00 | OK | |||
r-oldrel-macos-x86_64 | 1.0 | 112.00 | OK | |||
r-oldrel-windows-x86_64 | 1.0 | 40.00 | 343.00 | 383.00 | OK |
Version: 1.0
Check: dependencies in R code
Result: NOTE
Namespace in Imports field not imported from: ‘magick’
All declared Imports should be used.
Flavors: r-devel-linux-x86_64-fedora-clang, r-devel-linux-x86_64-fedora-gcc