CRAN Package Check Results for Package NBShiny3

Last updated on 2024-03-04 04:51:36 CET.

Flavor Version Tinstall Tcheck Ttotal Status Flags
r-devel-linux-x86_64-debian-clang 0.1.0 2.54 19.77 22.31 NOTE
r-devel-linux-x86_64-debian-gcc 0.1.0 1.73 15.76 17.49 NOTE
r-devel-linux-x86_64-fedora-clang 0.1.0 28.03 NOTE
r-devel-linux-x86_64-fedora-gcc 0.1.0 26.29 NOTE
r-devel-windows-x86_64 0.1.0 4.00 36.00 40.00 NOTE
r-patched-linux-x86_64 0.1.0 1.41 19.44 20.85 NOTE
r-release-linux-x86_64 0.1.0 1.72 19.67 21.39 NOTE
r-release-macos-arm64 0.1.0 17.00 NOTE
r-release-macos-x86_64 0.1.0 17.00 NOTE
r-release-windows-x86_64 0.1.0 5.00 37.00 42.00 NOTE
r-oldrel-macos-arm64 0.1.0 15.00 NOTE
r-oldrel-windows-x86_64 0.1.0 5.00 41.00 46.00 NOTE

Check Details

Version: 0.1.0
Check: LazyData
Result: NOTE 'LazyData' is specified without a 'data' directory Flavors: r-devel-linux-x86_64-debian-clang, r-devel-linux-x86_64-debian-gcc, r-devel-linux-x86_64-fedora-clang, r-devel-linux-x86_64-fedora-gcc, r-devel-windows-x86_64, r-patched-linux-x86_64, r-release-linux-x86_64, r-release-macos-arm64, r-release-macos-x86_64, r-release-windows-x86_64, r-oldrel-macos-arm64, r-oldrel-windows-x86_64

Version: 0.1.0
Check: dependencies in R code
Result: NOTE Namespaces in Imports field not imported from: ‘caret’ ‘datasets’ ‘dplyr’ ‘e1071’ ‘rhandsontable’ ‘shiny’ All declared Imports should be used. Flavors: r-devel-linux-x86_64-fedora-clang, r-devel-linux-x86_64-fedora-gcc, r-oldrel-macos-arm64