CRAN Package Check Results for Package NBDesign

Last updated on 2023-11-29 04:57:28 CET.

Flavor Version Tinstall Tcheck Ttotal Status Flags
r-devel-linux-x86_64-debian-clang 2.0.0 7.41 67.09 74.50 NOTE
r-devel-linux-x86_64-debian-gcc 2.0.0 5.54 51.63 57.17 NOTE
r-devel-linux-x86_64-fedora-clang 2.0.0 92.00 NOTE
r-devel-linux-x86_64-fedora-gcc 2.0.0 89.23 NOTE
r-devel-windows-x86_64 2.0.0 7.00 68.00 75.00 NOTE
r-patched-linux-x86_64 2.0.0 6.13 67.22 73.35 NOTE
r-release-linux-x86_64 2.0.0 7.14 66.24 73.38 NOTE
r-release-macos-arm64 2.0.0 33.00 NOTE
r-release-macos-x86_64 2.0.0 52.00 NOTE
r-release-windows-x86_64 2.0.0 10.00 77.00 87.00 NOTE
r-oldrel-macos-arm64 2.0.0 29.00 NOTE
r-oldrel-macos-x86_64 2.0.0 41.00 NOTE
r-oldrel-windows-x86_64 2.0.0 10.00 79.00 89.00 NOTE

Check Details

Version: 2.0.0
Check: LazyData
Result: NOTE 'LazyData' is specified without a 'data' directory Flavors: r-devel-linux-x86_64-debian-clang, r-devel-linux-x86_64-debian-gcc, r-devel-linux-x86_64-fedora-clang, r-devel-linux-x86_64-fedora-gcc, r-devel-windows-x86_64, r-patched-linux-x86_64, r-release-linux-x86_64, r-release-macos-arm64, r-release-macos-x86_64, r-release-windows-x86_64, r-oldrel-macos-arm64, r-oldrel-macos-x86_64, r-oldrel-windows-x86_64