Last updated on 2023-12-04 05:09:13 CET.
Flavor | Version | Tinstall | Tcheck | Ttotal | Status | Flags |
---|---|---|---|---|---|---|
r-devel-linux-x86_64-debian-clang | 0.4.4 | 11.38 | 139.12 | 150.50 | NOTE | |
r-devel-linux-x86_64-debian-gcc | 0.4.4 | 9.23 | 102.34 | 111.57 | NOTE | |
r-devel-linux-x86_64-fedora-clang | 0.4.4 | 184.88 | OK | |||
r-devel-linux-x86_64-fedora-gcc | 0.4.4 | 183.50 | OK | |||
r-devel-windows-x86_64 | 0.4.4 | 11.00 | 123.00 | 134.00 | OK | |
r-patched-linux-x86_64 | 0.4.4 | 17.24 | 131.03 | 148.27 | OK | |
r-release-linux-x86_64 | 0.4.4 | 8.52 | 129.71 | 138.23 | OK | |
r-release-macos-arm64 | 0.4.4 | 71.00 | OK | |||
r-release-macos-x86_64 | 0.4.4 | 100.00 | OK | |||
r-release-windows-x86_64 | 0.4.4 | 15.00 | 156.00 | 171.00 | OK | |
r-oldrel-macos-arm64 | 0.4.4 | 46.00 | OK | |||
r-oldrel-macos-x86_64 | 0.4.4 | 75.00 | OK | |||
r-oldrel-windows-x86_64 | 0.4.4 | 14.00 | 147.00 | 161.00 | OK |
Version: 0.4.4
Check: Rd files
Result: NOTE
checkRd: (-1) Distancia.Rd:148: Lost braces
148 | /code{/link{dist}/}
| ^
checkRd: (-1) Distancia.Rd:148: Lost braces
148 | /code{/link{dist}/}
| ^
checkRd: (-1) HeatPlot.Rd:81: Lost braces
81 | /code{/link{Distancia}/} ,/code{/link{Dendrograma}/}, /code{/link{heatplot}/}
| ^
checkRd: (-1) HeatPlot.Rd:81: Lost braces
81 | /code{/link{Distancia}/} ,/code{/link{Dendrograma}/}, /code{/link{heatplot}/}
| ^
checkRd: (-1) HeatPlot.Rd:81: Lost braces
81 | /code{/link{Distancia}/} ,/code{/link{Dendrograma}/}, /code{/link{heatplot}/}
| ^
checkRd: (-1) HeatPlot.Rd:81: Lost braces
81 | /code{/link{Distancia}/} ,/code{/link{Dendrograma}/}, /code{/link{heatplot}/}
| ^
checkRd: (-1) HeatPlot.Rd:81: Lost braces
81 | /code{/link{Distancia}/} ,/code{/link{Dendrograma}/}, /code{/link{heatplot}/}
| ^
checkRd: (-1) HeatPlot.Rd:81: Lost braces
81 | /code{/link{Distancia}/} ,/code{/link{Dendrograma}/}, /code{/link{heatplot}/}
| ^
checkRd: (-1) Normatiza.Rd:55: Lost braces
55 | /code{/link{dist}/}
| ^
checkRd: (-1) Normatiza.Rd:55: Lost braces
55 | /code{/link{dist}/}
| ^
checkRd: (-1) SummaryDistancia.Rd:98: Lost braces
98 | /code{/link{dist}/}
| ^
checkRd: (-1) SummaryDistancia.Rd:98: Lost braces
98 | /code{/link{dist}/}
| ^
Flavors: r-devel-linux-x86_64-debian-clang, r-devel-linux-x86_64-debian-gcc