CRAN Package Check Results for Package MultiObjMatch

Last updated on 2024-07-19 05:57:39 CEST.

Flavor Version Tinstall Tcheck Ttotal Status Flags
r-devel-linux-x86_64-debian-clang 1.0.0 13.11 251.21 264.32 NOTE
r-devel-linux-x86_64-debian-gcc 1.0.0 13.07 192.28 205.35 NOTE
r-devel-linux-x86_64-fedora-clang 1.0.0 333.48 NOTE
r-devel-linux-x86_64-fedora-gcc 1.0.0 330.20 NOTE
r-devel-windows-x86_64 1.0.0 17.00 214.00 231.00 NOTE
r-patched-linux-x86_64 1.0.0 16.25 240.28 256.53 NOTE
r-release-linux-x86_64 1.0.0 15.92 237.50 253.42 NOTE
r-release-macos-arm64 1.0.0 98.00 NOTE
r-release-macos-x86_64 1.0.0 253.00 NOTE
r-release-windows-x86_64 1.0.0 15.00 201.00 216.00 NOTE
r-oldrel-macos-arm64 1.0.0 104.00 NOTE
r-oldrel-macos-x86_64 1.0.0 204.00 NOTE
r-oldrel-windows-x86_64 1.0.0 20.00 275.00 295.00 NOTE

Check Details

Version: 1.0.0
Check: package dependencies
Result: NOTE Package suggested but not available for checking: ‘rrelaxiv’ Flavors: r-devel-linux-x86_64-debian-clang, r-devel-linux-x86_64-debian-gcc, r-devel-linux-x86_64-fedora-clang, r-devel-linux-x86_64-fedora-gcc, r-devel-windows-x86_64, r-patched-linux-x86_64, r-release-linux-x86_64, r-release-macos-arm64, r-release-macos-x86_64, r-release-windows-x86_64, r-oldrel-macos-arm64, r-oldrel-macos-x86_64, r-oldrel-windows-x86_64

Version: 1.0.0
Check: dependencies in R code
Result: NOTE Namespaces in Imports field not imported from: ‘RCurl’ ‘fields’ ‘optmatch’ ‘rcbalance’ ‘utils’ All declared Imports should be used. Flavors: r-devel-linux-x86_64-fedora-clang, r-devel-linux-x86_64-fedora-gcc