Last updated on 2023-12-04 05:09:13 CET.
Flavor | Version | Tinstall | Tcheck | Ttotal | Status | Flags |
---|---|---|---|---|---|---|
r-devel-linux-x86_64-debian-clang | 0.1.3 | 16.08 | 195.51 | 211.59 | NOTE | |
r-devel-linux-x86_64-debian-gcc | 0.1.3 | 11.96 | 145.39 | 157.35 | NOTE | |
r-devel-linux-x86_64-fedora-clang | 0.1.3 | 253.19 | NOTE | |||
r-devel-linux-x86_64-fedora-gcc | 0.1.3 | 131.52 | NOTE | |||
r-devel-windows-x86_64 | 0.1.3 | 15.00 | 155.00 | 170.00 | NOTE | |
r-patched-linux-x86_64 | 0.1.3 | 13.93 | 182.98 | 196.91 | NOTE | |
r-release-linux-x86_64 | 0.1.3 | 11.05 | 184.74 | 195.79 | NOTE | |
r-release-macos-arm64 | 0.1.3 | 49.00 | NOTE | |||
r-release-macos-x86_64 | 0.1.3 | 81.00 | NOTE | |||
r-release-windows-x86_64 | 0.1.3 | 18.00 | 197.00 | 215.00 | NOTE | |
r-oldrel-macos-arm64 | 0.1.3 | 50.00 | NOTE | |||
r-oldrel-macos-x86_64 | 0.1.2 | 96.00 | NOTE | |||
r-oldrel-windows-x86_64 | 0.1.3 | 20.00 | 200.00 | 220.00 | NOTE |
Version: 0.1.3
Check: package dependencies
Result: NOTE
Package suggested but not available for checking: ‘rrelaxiv’
Flavors: r-devel-linux-x86_64-debian-clang, r-devel-linux-x86_64-debian-gcc, r-devel-linux-x86_64-fedora-clang, r-devel-linux-x86_64-fedora-gcc, r-devel-windows-x86_64, r-patched-linux-x86_64, r-release-linux-x86_64, r-release-macos-arm64, r-release-macos-x86_64, r-release-windows-x86_64, r-oldrel-macos-arm64, r-oldrel-windows-x86_64
Version: 0.1.3
Check: dependencies in R code
Result: NOTE
Namespaces in Imports field not imported from:
‘RCurl’ ‘fields’ ‘optmatch’ ‘rcbalance’ ‘utils’
All declared Imports should be used.
Flavors: r-devel-linux-x86_64-fedora-clang, r-devel-linux-x86_64-fedora-gcc
Version: 0.1.2
Check: package dependencies
Result: NOTE
Package suggested but not available for checking: ‘rrelaxiv’
Flavor: r-oldrel-macos-x86_64