CRAN Package Check Results for Package MoTBFs

Last updated on 2024-07-22 05:49:56 CEST.

Flavor Version Tinstall Tcheck Ttotal Status Flags
r-devel-linux-x86_64-debian-clang 1.4.1 13.18 171.04 184.22 OK
r-devel-linux-x86_64-debian-gcc 1.4.1 12.41 125.67 138.08 NOTE
r-devel-linux-x86_64-fedora-clang 1.4.1 231.59 OK
r-devel-linux-x86_64-fedora-gcc 1.4.1 216.83 OK
r-devel-windows-x86_64 1.4.1 15.00 160.00 175.00 NOTE
r-patched-linux-x86_64 1.4.1 20.11 163.52 183.63 OK
r-release-linux-x86_64 1.4.1 13.25 168.30 181.55 OK
r-release-macos-arm64 1.4.1 62.00 OK
r-release-macos-x86_64 1.4.1 95.00 OK
r-release-windows-x86_64 1.4.1 14.00 156.00 170.00 OK
r-oldrel-macos-arm64 1.4.1 64.00 OK
r-oldrel-macos-x86_64 1.4.1 103.00 OK
r-oldrel-windows-x86_64 1.4.1 19.00 185.00 204.00 OK

Check Details

Version: 1.4.1
Check: Rd cross-references
Result: NOTE Found the following Rd file(s) with Rd \link{} targets missing package anchors: LearningHC.Rd: hc Please provide package anchors for all Rd \link{} targets not in the package itself and the base packages. Flavors: r-devel-linux-x86_64-debian-gcc, r-devel-windows-x86_64