Last updated on 2023-11-29 04:57:28 CET.
Flavor | Version | Tinstall | Tcheck | Ttotal | Status | Flags |
---|---|---|---|---|---|---|
r-devel-linux-x86_64-debian-clang | 1.5.1 | 12.72 | 191.38 | 204.10 | NOTE | |
r-devel-linux-x86_64-debian-gcc | 1.5.1 | 11.98 | 130.08 | 142.06 | NOTE | |
r-devel-linux-x86_64-fedora-clang | 1.5.1 | 251.94 | OK | |||
r-devel-linux-x86_64-fedora-gcc | 1.5.1 | 241.71 | OK | |||
r-devel-windows-x86_64 | 1.5.1 | 14.00 | 167.00 | 181.00 | OK | |
r-patched-linux-x86_64 | 1.5.1 | 15.02 | 169.60 | 184.62 | OK | |
r-release-linux-x86_64 | 1.5.1 | 13.86 | 169.55 | 183.41 | OK | |
r-release-macos-arm64 | 1.5.1 | 73.00 | OK | |||
r-release-macos-x86_64 | 1.5.1 | 133.00 | NOTE | |||
r-release-windows-x86_64 | 1.5.1 | 18.00 | 190.00 | 208.00 | OK | |
r-oldrel-macos-arm64 | 1.5.1 | 62.00 | OK | |||
r-oldrel-macos-x86_64 | 1.5.1 | 85.00 | OK | |||
r-oldrel-windows-x86_64 | 1.5.1 | 19.00 | 191.00 | 210.00 | OK |
Version: 1.5.1
Check: Rd files
Result: NOTE
checkRd: (-1) CO2data.Rd:10: Lost braces in \itemize; meant \describe ?
checkRd: (-1) CO2data.Rd:11: Lost braces in \itemize; meant \describe ?
checkRd: (-1) CO2data.Rd:12: Lost braces in \itemize; meant \describe ?
checkRd: (-1) MoEClust-package.Rd:35: Lost braces in \itemize; meant \describe ?
checkRd: (-1) MoEClust-package.Rd:36: Lost braces in \itemize; meant \describe ?
checkRd: (-1) MoEClust-package.Rd:37: Lost braces in \itemize; meant \describe ?
checkRd: (-1) MoEClust-package.Rd:38: Lost braces in \itemize; meant \describe ?
checkRd: (-1) MoEClust-package.Rd:39: Lost braces in \itemize; meant \describe ?
checkRd: (-1) ais.Rd:10: Lost braces in \itemize; meant \describe ?
checkRd: (-1) ais.Rd:11: Lost braces in \itemize; meant \describe ?
checkRd: (-1) ais.Rd:12: Lost braces in \itemize; meant \describe ?
checkRd: (-1) ais.Rd:13: Lost braces in \itemize; meant \describe ?
checkRd: (-1) ais.Rd:14: Lost braces in \itemize; meant \describe ?
checkRd: (-1) ais.Rd:15: Lost braces in \itemize; meant \describe ?
checkRd: (-1) ais.Rd:16: Lost braces in \itemize; meant \describe ?
checkRd: (-1) ais.Rd:17: Lost braces in \itemize; meant \describe ?
checkRd: (-1) ais.Rd:18: Lost braces in \itemize; meant \describe ?
checkRd: (-1) ais.Rd:19: Lost braces in \itemize; meant \describe ?
checkRd: (-1) ais.Rd:20: Lost braces in \itemize; meant \describe ?
checkRd: (-1) ais.Rd:21: Lost braces in \itemize; meant \describe ?
checkRd: (-1) ais.Rd:22: Lost braces in \itemize; meant \describe ?
Flavors: r-devel-linux-x86_64-debian-clang, r-devel-linux-x86_64-debian-gcc
Version: 1.5.1
Check: package dependencies
Result: NOTE
Package suggested but not available for checking: ‘clustMD’
Flavor: r-release-macos-x86_64
Version: 1.5.1
Check: Rd cross-references
Result: NOTE
Package unavailable to check Rd xrefs: ‘clustMD’
Flavor: r-release-macos-x86_64