CRAN Package Check Results for Package MixSAL

Last updated on 2023-12-10 04:56:04 CET.

Flavor Version Tinstall Tcheck Ttotal Status Flags
r-devel-linux-x86_64-debian-clang 1.0 2.49 29.96 32.45 NOTE
r-devel-linux-x86_64-debian-gcc 1.0 1.69 22.84 24.53 NOTE
r-devel-linux-x86_64-fedora-clang 1.0 41.22 OK
r-devel-linux-x86_64-fedora-gcc 1.0 38.99 OK
r-devel-windows-x86_64 1.0 3.00 53.00 56.00 OK
r-patched-linux-x86_64 1.0 2.99 28.00 30.99 OK
r-release-linux-x86_64 1.0 2.59 27.46 30.05 OK
r-release-macos-arm64 1.0 17.00 OK
r-release-macos-x86_64 1.0 22.00 OK
r-release-windows-x86_64 1.0 3.00 44.00 47.00 OK
r-oldrel-macos-arm64 1.0 20.00 OK
r-oldrel-macos-x86_64 1.0 24.00 OK
r-oldrel-windows-x86_64 1.0 4.00 47.00 51.00 OK

Check Details

Version: 1.0
Check: Rd files
Result: NOTE checkRd: (-1) MixSAL-package.Rd:19: Lost braces; missing escapes or markup? 19 | This package contains the function {msal} for carrying about model based clustering using mixtures of SAL distributions; the functions {rsal} and {rmsal} for generating data from a multivariate SAL or mixture of multivariate SAL distributions, and hte functions {dsal} and {dmsal} for evaluating the model based clustering and classification using the mixture of generalized hyperbolic factor analyzers; | ^ checkRd: (-1) MixSAL-package.Rd:19: Lost braces; missing escapes or markup? 19 | This package contains the function {msal} for carrying about model based clustering using mixtures of SAL distributions; the functions {rsal} and {rmsal} for generating data from a multivariate SAL or mixture of multivariate SAL distributions, and hte functions {dsal} and {dmsal} for evaluating the model based clustering and classification using the mixture of generalized hyperbolic factor analyzers; | ^ checkRd: (-1) MixSAL-package.Rd:19: Lost braces; missing escapes or markup? 19 | This package contains the function {msal} for carrying about model based clustering using mixtures of SAL distributions; the functions {rsal} and {rmsal} for generating data from a multivariate SAL or mixture of multivariate SAL distributions, and hte functions {dsal} and {dmsal} for evaluating the model based clustering and classification using the mixture of generalized hyperbolic factor analyzers; | ^ checkRd: (-1) MixSAL-package.Rd:19: Lost braces; missing escapes or markup? 19 | This package contains the function {msal} for carrying about model based clustering using mixtures of SAL distributions; the functions {rsal} and {rmsal} for generating data from a multivariate SAL or mixture of multivariate SAL distributions, and hte functions {dsal} and {dmsal} for evaluating the model based clustering and classification using the mixture of generalized hyperbolic factor analyzers; | ^ checkRd: (-1) MixSAL-package.Rd:19: Lost braces; missing escapes or markup? 19 | This package contains the function {msal} for carrying about model based clustering using mixtures of SAL distributions; the functions {rsal} and {rmsal} for generating data from a multivariate SAL or mixture of multivariate SAL distributions, and hte functions {dsal} and {dmsal} for evaluating the model based clustering and classification using the mixture of generalized hyperbolic factor analyzers; | ^ checkRd: (-1) msal.Rd:45: Lost braces; missing escapes or markup? 45 | The {msal} function outputs a list with the following components: | ^ Flavors: r-devel-linux-x86_64-debian-clang, r-devel-linux-x86_64-debian-gcc