CRAN Package Check Results for Package MixOptim

Last updated on 2023-12-11 04:51:12 CET.

Flavor Version Tinstall Tcheck Ttotal Status Flags
r-devel-linux-x86_64-debian-clang 0.1.2 4.66 229.00 233.66 NOTE
r-devel-linux-x86_64-debian-gcc 0.1.2 4.25 167.68 171.93 NOTE
r-devel-linux-x86_64-fedora-clang 0.1.2 278.84 NOTE
r-devel-linux-x86_64-fedora-gcc 0.1.2 288.76 NOTE
r-devel-windows-x86_64 0.1.2 6.00 179.00 185.00 NOTE
r-patched-linux-x86_64 0.1.2 3.98 218.18 222.16 NOTE
r-release-linux-x86_64 0.1.2 3.44 220.33 223.77 NOTE
r-release-macos-arm64 0.1.2 79.00 NOTE
r-release-macos-x86_64 0.1.2 126.00 NOTE
r-release-windows-x86_64 0.1.2 8.00 230.00 238.00 NOTE
r-oldrel-macos-arm64 0.1.2 75.00 NOTE
r-oldrel-macos-x86_64 0.1.2 127.00 NOTE
r-oldrel-windows-x86_64 0.1.2 8.00 231.00 239.00 NOTE

Check Details

Version: 0.1.2
Check: LazyData
Result: NOTE 'LazyData' is specified without a 'data' directory Flavors: r-devel-linux-x86_64-debian-clang, r-devel-linux-x86_64-debian-gcc, r-devel-linux-x86_64-fedora-clang, r-devel-linux-x86_64-fedora-gcc, r-devel-windows-x86_64, r-patched-linux-x86_64, r-release-linux-x86_64, r-release-macos-arm64, r-release-macos-x86_64, r-release-windows-x86_64, r-oldrel-macos-arm64, r-oldrel-macos-x86_64, r-oldrel-windows-x86_64

Version: 0.1.2
Check: dependencies in R code
Result: NOTE Namespace in Imports field not imported from: ‘rlang’ All declared Imports should be used. Flavors: r-devel-linux-x86_64-fedora-clang, r-devel-linux-x86_64-fedora-gcc, r-oldrel-macos-arm64, r-oldrel-macos-x86_64