Last updated on 2023-12-04 05:09:12 CET.
Flavor | Version | Tinstall | Tcheck | Ttotal | Status | Flags |
---|---|---|---|---|---|---|
r-devel-linux-x86_64-debian-clang | 1.1 | 34.48 | 310.02 | 344.50 | NOTE | |
r-devel-linux-x86_64-debian-gcc | 1.1 | 31.06 | 228.03 | 259.09 | NOTE | |
r-devel-linux-x86_64-fedora-clang | 1.1 | 442.74 | NOTE | |||
r-devel-linux-x86_64-fedora-gcc | 1.1 | 422.21 | NOTE | |||
r-devel-windows-x86_64 | 1.1 | 31.00 | 224.00 | 255.00 | OK | |
r-patched-linux-x86_64 | 1.1 | 23.05 | 296.69 | 319.74 | OK | |
r-release-linux-x86_64 | 1.1 | 24.52 | 289.97 | 314.49 | OK | |
r-release-macos-arm64 | 1.1 | 9.00 | ERROR | |||
r-release-macos-x86_64 | 1.1 | 9.00 | ERROR | |||
r-release-windows-x86_64 | 1.1 | 40.00 | 277.00 | 317.00 | OK | |
r-oldrel-macos-arm64 | 1.1 | 103.00 | NOTE | |||
r-oldrel-macos-x86_64 | 1.1 | 173.00 | NOTE | |||
r-oldrel-windows-x86_64 | 1.1 | 40.00 | 274.00 | 314.00 | OK |
Version: 1.1
Check: Rd files
Result: NOTE
checkRd: (-1) linda.Rd:106: Lost braces in \itemize; \value handles \item{}{} directly
checkRd: (-1) linda.Rd:107: Lost braces in \itemize; \value handles \item{}{} directly
checkRd: (-1) linda.Rd:108: Lost braces in \itemize; \value handles \item{}{} directly
checkRd: (-1) linda.Rd:109: Lost braces in \itemize; \value handles \item{}{} directly
checkRd: (-1) linda.Rd:110: Lost braces in \itemize; \value handles \item{}{} directly
checkRd: (-1) linda.Rd:111: Lost braces in \itemize; \value handles \item{}{} directly
checkRd: (-1) linda.Rd:112: Lost braces in \itemize; \value handles \item{}{} directly
checkRd: (-1) linda.Rd:113-114: Lost braces in \itemize; \value handles \item{}{} directly
Flavors: r-devel-linux-x86_64-debian-clang, r-devel-linux-x86_64-debian-gcc
Version: 1.1
Check: dependencies in R code
Result: NOTE
Namespaces in Imports field not imported from:
‘MASS’ ‘Matrix’ ‘utils’
All declared Imports should be used.
Flavors: r-devel-linux-x86_64-fedora-clang, r-devel-linux-x86_64-fedora-gcc, r-oldrel-macos-arm64, r-oldrel-macos-x86_64
Version: 1.1
Check: package dependencies
Result: ERROR
Package required but not available: ‘phyloseq’
See section ‘The DESCRIPTION file’ in the ‘Writing R Extensions’
manual.
Flavors: r-release-macos-arm64, r-release-macos-x86_64