CRAN Package Check Results for Package MetabolomicsBasics

Last updated on 2023-10-02 05:58:02 CEST.

Flavor Version Tinstall Tcheck Ttotal Status Flags
r-devel-linux-x86_64-debian-clang 1.4 22.57 203.02 225.59 NOTE
r-devel-linux-x86_64-debian-gcc 1.4 16.45 149.43 165.88 NOTE
r-devel-linux-x86_64-fedora-clang 1.4 274.32 NOTE
r-devel-linux-x86_64-fedora-gcc 1.4 276.89 NOTE
r-devel-windows-x86_64 1.4 20.00 161.00 181.00 OK
r-patched-linux-x86_64 1.4 16.06 198.38 214.44 OK
r-release-linux-x86_64 1.4 15.77 199.55 215.32 OK
r-release-macos-arm64 1.4 77.00 NOTE
r-release-macos-x86_64 1.4 142.00 NOTE
r-release-windows-x86_64 1.4 27.00 194.00 221.00 OK
r-oldrel-macos-arm64 1.4 60.00 OK
r-oldrel-macos-x86_64 1.4 100.00 OK
r-oldrel-windows-x86_64 1.4 27.00 203.00 230.00 OK

Check Details

Version: 1.4
Check: package dependencies
Result: NOTE
    Package suggested but not available for checking: ‘xcms’
Flavors: r-devel-linux-x86_64-debian-clang, r-devel-linux-x86_64-debian-gcc

Version: 1.4
Check: package dependencies
Result: NOTE
    Packages suggested but not available for checking: 'ropls', 'xcms'
Flavors: r-devel-linux-x86_64-fedora-clang, r-devel-linux-x86_64-fedora-gcc, r-release-macos-arm64, r-release-macos-x86_64