Last updated on 2025-04-30 05:49:47 CEST.
Flavor | Version | Tinstall | Tcheck | Ttotal | Status | Flags |
---|---|---|---|---|---|---|
r-devel-linux-x86_64-debian-clang | 1.0.0 | 401.13 | 181.34 | 582.47 | OK | |
r-devel-linux-x86_64-debian-gcc | 1.0.0 | 362.77 | 152.24 | 515.01 | OK | |
r-devel-linux-x86_64-fedora-clang | 1.0.0 | 891.53 | OK | |||
r-devel-linux-x86_64-fedora-gcc | 1.0.0 | 1140.93 | OK | |||
r-devel-windows-x86_64 | 1.0.0 | 428.00 | 229.00 | 657.00 | OK | |
r-patched-linux-x86_64 | 1.0.0 | 457.10 | 211.82 | 668.92 | OK | |
r-release-linux-x86_64 | 1.0.0 | 475.34 | 208.82 | 684.16 | OK | |
r-release-macos-arm64 | 1.0.0 | 246.00 | OK | |||
r-release-macos-x86_64 | 1.0.0 | 324.00 | OK | |||
r-release-windows-x86_64 | 1.0.0 | 418.00 | 228.00 | 646.00 | OK | |
r-oldrel-macos-arm64 | 1.0.0 | 136.00 | NOTE | |||
r-oldrel-macos-x86_64 | 1.0.0 | 165.00 | NOTE | |||
r-oldrel-windows-x86_64 | 1.0.0 | 470.00 | 293.00 | 763.00 | NOTE |
Version: 1.0.0
Check: installed package size
Result: NOTE
installed size is 91.3Mb
sub-directories of 1Mb or more:
libs 90.8Mb
Flavors: r-oldrel-macos-arm64, r-oldrel-macos-x86_64
Version: 1.0.0
Check: for GNU extensions in Makefiles
Result: NOTE
GNU make is a SystemRequirements.
Flavors: r-oldrel-macos-arm64, r-oldrel-macos-x86_64, r-oldrel-windows-x86_64