CRAN Package Check Results for Package MatrixLDA

Last updated on 2024-02-27 04:50:42 CET.

Flavor Version Tinstall Tcheck Ttotal Status Flags
r-devel-linux-x86_64-debian-clang 0.2 29.01 46.27 75.28 NOTE
r-devel-linux-x86_64-debian-gcc 0.2 26.69 37.89 64.58 NOTE
r-devel-linux-x86_64-fedora-clang 0.2 118.72 NOTE
r-devel-linux-x86_64-fedora-gcc 0.2 119.27 NOTE
r-devel-windows-x86_64 0.2 28.00 77.00 105.00 NOTE
r-patched-linux-x86_64 0.2 31.99 48.64 80.63 NOTE
r-release-linux-x86_64 0.2 36.08 48.52 84.60 NOTE
r-release-macos-arm64 0.2 42.00 NOTE
r-release-macos-x86_64 0.2 55.00 NOTE
r-release-windows-x86_64 0.2 37.00 85.00 122.00 NOTE
r-oldrel-macos-arm64 0.2 38.00 NOTE
r-oldrel-windows-x86_64 0.2 34.00 84.00 118.00 NOTE

Check Details

Version: 0.2
Check: LazyData
Result: NOTE 'LazyData' is specified without a 'data' directory Flavors: r-devel-linux-x86_64-debian-clang, r-devel-linux-x86_64-debian-gcc, r-devel-linux-x86_64-fedora-clang, r-devel-linux-x86_64-fedora-gcc, r-devel-windows-x86_64, r-patched-linux-x86_64, r-release-linux-x86_64, r-release-macos-arm64, r-release-macos-x86_64, r-release-windows-x86_64, r-oldrel-macos-arm64, r-oldrel-windows-x86_64