Last updated on 2023-12-02 04:52:19 CET.
Flavor | Version | Tinstall | Tcheck | Ttotal | Status | Flags |
---|---|---|---|---|---|---|
r-devel-linux-x86_64-debian-clang | 0.10.0 | 73.94 | 86.55 | 160.49 | NOTE | |
r-devel-linux-x86_64-debian-gcc | 0.10.0 | 46.09 | 66.13 | 112.22 | NOTE | |
r-devel-linux-x86_64-fedora-clang | 0.10.0 | 215.31 | OK | |||
r-devel-linux-x86_64-fedora-gcc | 0.10.0 | 206.01 | OK | |||
r-devel-windows-x86_64 | 0.10.0 | 58.00 | 101.00 | 159.00 | OK | |
r-patched-linux-x86_64 | 0.10.0 | 58.82 | 84.80 | 143.62 | OK | |
r-release-linux-x86_64 | 0.10.0 | 52.94 | 84.04 | 136.98 | OK | |
r-release-macos-arm64 | 0.10.0 | 57.00 | OK | |||
r-release-macos-x86_64 | 0.10.0 | 95.00 | OK | |||
r-release-windows-x86_64 | 0.10.0 | 71.00 | 118.00 | 189.00 | OK | |
r-oldrel-macos-arm64 | 0.10.0 | 56.00 | OK | |||
r-oldrel-macos-x86_64 | 0.10.0 | 70.00 | OK | |||
r-oldrel-windows-x86_64 | 0.10.0 | 68.00 | 119.00 | 187.00 | OK |
Version: 0.10.0
Check: Rd files
Result: NOTE
checkRd: (-1) MatrixCorrelation.Rd:17: Lost braces in \itemize; meant \describe ?
checkRd: (-1) MatrixCorrelation.Rd:18-19: Lost braces in \itemize; meant \describe ?
checkRd: (-1) MatrixCorrelation.Rd:20-21: Lost braces in \itemize; meant \describe ?
checkRd: (-1) MatrixCorrelation.Rd:22-23: Lost braces in \itemize; meant \describe ?
checkRd: (-1) MatrixCorrelation.Rd:24-25: Lost braces in \itemize; meant \describe ?
checkRd: (-1) MatrixCorrelation.Rd:26-27: Lost braces in \itemize; meant \describe ?
checkRd: (-1) MatrixCorrelation.Rd:28-29: Lost braces in \itemize; meant \describe ?
checkRd: (-1) RV.Rd:61-62: Lost braces in \itemize; meant \describe ?
checkRd: (-1) RV.Rd:63-64: Lost braces in \itemize; meant \describe ?
checkRd: (-1) RV.Rd:65-66: Lost braces in \itemize; meant \describe ?
checkRd: (-1) RV.Rd:67-68: Lost braces in \itemize; meant \describe ?
checkRd: (-1) allCorrelations.Rd:63: Lost braces in \itemize; meant \describe ?
checkRd: (-1) allCorrelations.Rd:64-65: Lost braces in \itemize; meant \describe ?
checkRd: (-1) allCorrelations.Rd:66-67: Lost braces in \itemize; meant \describe ?
checkRd: (-1) allCorrelations.Rd:68-69: Lost braces in \itemize; meant \describe ?
checkRd: (-1) allCorrelations.Rd:70-71: Lost braces in \itemize; meant \describe ?
checkRd: (-1) allCorrelations.Rd:72-73: Lost braces in \itemize; meant \describe ?
checkRd: (-1) allCorrelations.Rd:74-75: Lost braces in \itemize; meant \describe ?
checkRd: (-1) r1.Rd:71: Lost braces in \itemize; meant \describe ?
checkRd: (-1) r1.Rd:72: Lost braces in \itemize; meant \describe ?
checkRd: (-1) r1.Rd:73: Lost braces in \itemize; meant \describe ?
checkRd: (-1) r1.Rd:74: Lost braces in \itemize; meant \describe ?
checkRd: (-1) r1.Rd:75: Lost braces in \itemize; meant \describe ?
Flavors: r-devel-linux-x86_64-debian-clang, r-devel-linux-x86_64-debian-gcc