CRAN Package Check Results for Package MarginalMediation

Last updated on 2023-11-28 04:57:24 CET.

Flavor Version Tinstall Tcheck Ttotal Status Flags
r-devel-linux-x86_64-debian-clang 0.7.2 6.44 103.38 109.82 NOTE
r-devel-linux-x86_64-debian-gcc 0.7.2 5.25 77.57 82.82 NOTE
r-devel-linux-x86_64-fedora-clang 0.7.2 134.55 NOTE
r-devel-linux-x86_64-fedora-gcc 0.7.2 143.46 NOTE
r-devel-windows-x86_64 0.7.2 7.00 96.00 103.00 NOTE
r-patched-linux-x86_64 0.7.2 5.01 98.08 103.09 NOTE
r-release-linux-x86_64 0.7.2 5.75 98.08 103.83 NOTE
r-release-macos-arm64 0.7.2 58.00 NOTE
r-release-macos-x86_64 0.7.2 81.00 NOTE
r-release-windows-x86_64 0.7.2 9.00 113.00 122.00 NOTE
r-oldrel-macos-arm64 0.7.2 33.00 OK
r-oldrel-macos-x86_64 0.7.2 61.00 OK
r-oldrel-windows-x86_64 0.7.2 9.00 119.00 128.00 OK

Check Details

Version: 0.7.2
Check: Rd files
Result: NOTE checkRd: (-1) mma.Rd:67: Escaped LaTeX specials: \& Flavors: r-devel-linux-x86_64-debian-clang, r-devel-linux-x86_64-debian-gcc, r-devel-linux-x86_64-fedora-clang, r-devel-linux-x86_64-fedora-gcc, r-devel-windows-x86_64, r-patched-linux-x86_64, r-release-linux-x86_64, r-release-macos-arm64, r-release-macos-x86_64, r-release-windows-x86_64