CRAN Package Check Results for Package MaOEA

Last updated on 2023-11-30 04:52:57 CET.

Flavor Version Tinstall Tcheck Ttotal Status Flags
r-devel-linux-x86_64-debian-clang 0.6.2 12.73 93.05 105.78 NOTE
r-devel-linux-x86_64-debian-gcc 0.6.2 9.57 69.28 78.85 NOTE
r-devel-linux-x86_64-fedora-clang 0.6.2 129.28 NOTE
r-devel-linux-x86_64-fedora-gcc 0.6.2 132.24 NOTE
r-devel-windows-x86_64 0.6.2 12.00 91.00 103.00 NOTE
r-patched-linux-x86_64 0.6.2 12.29 90.66 102.95 NOTE
r-release-linux-x86_64 0.6.2 11.46 90.30 101.76 NOTE
r-release-macos-arm64 0.6.2 40.00 NOTE
r-release-macos-x86_64 0.6.2 66.00 NOTE
r-release-windows-x86_64 0.6.2 17.00 108.00 125.00 NOTE
r-oldrel-macos-arm64 0.6.2 36.00 NOTE
r-oldrel-macos-x86_64 0.6.2 50.00 NOTE
r-oldrel-windows-x86_64 0.6.2 15.00 102.00 117.00 NOTE

Check Details

Version: 0.6.2
Check: LazyData
Result: NOTE 'LazyData' is specified without a 'data' directory Flavors: r-devel-linux-x86_64-debian-clang, r-devel-linux-x86_64-debian-gcc, r-devel-linux-x86_64-fedora-clang, r-devel-linux-x86_64-fedora-gcc, r-devel-windows-x86_64, r-patched-linux-x86_64, r-release-linux-x86_64, r-release-macos-arm64, r-release-macos-x86_64, r-release-windows-x86_64, r-oldrel-macos-arm64, r-oldrel-macos-x86_64, r-oldrel-windows-x86_64