Last updated on 2023-12-10 04:56:04 CET.
Flavor | Version | Tinstall | Tcheck | Ttotal | Status | Flags |
---|---|---|---|---|---|---|
r-devel-linux-x86_64-debian-clang | 0.2.1 | 35.24 | 74.18 | 109.42 | NOTE | |
r-devel-linux-x86_64-debian-gcc | 0.2.1 | 26.66 | 55.23 | 81.89 | NOTE | |
r-devel-linux-x86_64-fedora-clang | 0.2.1 | 147.01 | NOTE | |||
r-devel-linux-x86_64-fedora-gcc | 0.2.1 | 155.69 | NOTE | |||
r-devel-windows-x86_64 | 0.2.1 | 31.00 | 87.00 | 118.00 | NOTE | |
r-patched-linux-x86_64 | 0.2.1 | 31.39 | 68.95 | 100.34 | NOTE | |
r-release-linux-x86_64 | 0.2.1 | 33.41 | 67.67 | 101.08 | NOTE | |
r-release-macos-arm64 | 0.2.1 | 49.00 | NOTE | |||
r-release-macos-x86_64 | 0.2.1 | 78.00 | NOTE | |||
r-release-windows-x86_64 | 0.2.1 | 38.00 | 104.00 | 142.00 | NOTE | |
r-oldrel-macos-arm64 | 0.2.1 | 42.00 | NOTE | |||
r-oldrel-macos-x86_64 | 0.2.1 | 54.00 | NOTE | |||
r-oldrel-windows-x86_64 | 0.2.1 | 34.00 | 106.00 | 140.00 | NOTE |
Version: 0.2.1
Check: LazyData
Result: NOTE
'LazyData' is specified without a 'data' directory
Flavors: r-devel-linux-x86_64-debian-clang, r-devel-linux-x86_64-debian-gcc, r-devel-linux-x86_64-fedora-clang, r-devel-linux-x86_64-fedora-gcc, r-devel-windows-x86_64, r-patched-linux-x86_64, r-release-linux-x86_64, r-release-macos-arm64, r-release-macos-x86_64, r-release-windows-x86_64, r-oldrel-macos-arm64, r-oldrel-macos-x86_64, r-oldrel-windows-x86_64