CRAN Package Check Results for Package MRTAnalysis

Last updated on 2024-02-29 04:54:20 CET.

Flavor Version Tinstall Tcheck Ttotal Status Flags
r-devel-linux-x86_64-debian-clang 0.1.2 6.72 123.55 130.27 NOTE
r-devel-linux-x86_64-debian-gcc 0.1.2 6.64 96.07 102.71 NOTE
r-devel-linux-x86_64-fedora-clang 0.1.2 160.38 NOTE
r-devel-linux-x86_64-fedora-gcc 0.1.2 179.86 NOTE
r-devel-windows-x86_64 0.1.2 7.00 106.00 113.00 OK
r-patched-linux-x86_64 0.1.2 5.71 124.91 130.62 OK
r-release-linux-x86_64 0.1.2 4.92 125.62 130.54 OK
r-release-macos-arm64 0.1.2 55.00 OK
r-release-macos-x86_64 0.1.2 116.00 OK
r-release-windows-x86_64 0.1.2 10.00 131.00 141.00 OK
r-oldrel-macos-arm64 0.1.2 52.00 OK
r-oldrel-windows-x86_64 0.1.2 9.00 131.00 140.00 OK

Check Details

Version: 0.1.2
Check: Rd files
Result: NOTE checkRd: (-1) data_binary.Rd:10: Lost braces; missing escapes or markup? 10 | log E(Y_{t+1} | A_t = 0, I_t = 1) = alpha_0 + alpha_1 * time / total_T | ^ Flavors: r-devel-linux-x86_64-debian-clang, r-devel-linux-x86_64-debian-gcc, r-devel-linux-x86_64-fedora-clang, r-devel-linux-x86_64-fedora-gcc